{"id":278,"date":"2026-05-08T15:07:23","date_gmt":"2026-05-08T13:07:23","guid":{"rendered":"https:\/\/actionmall.act.at\/shop\/1115\/?post_type=product&#038;p=278"},"modified":"2026-05-08T15:07:23","modified_gmt":"2026-05-08T13:07:23","slug":"bettsofa-bettina","status":"publish","type":"product","link":"https:\/\/actionmall.act.at\/shop\/1115\/produkt\/bettsofa-bettina\/","title":{"rendered":"Bettsofa Bettina"},"content":{"rendered":"<p>Ein komfortables Bettsofa mit<br \/>\nausziehbarer Liegefl\u00e4che und<br \/>\nzus\u00e4tzlichen Schubladen f\u00fcr<br \/>\noptimalen Stauraum. Ideal f\u00fcr<br \/>\nWohnzimmer, G\u00e4stezimmer<br \/>\noder kleine Apartments.<br \/>\nErh\u00e4ltlich in: vielen Farben &#038;<br \/>\nStoffvarianten (z.\u202fB. Samt,<br \/>\nLeinen, Mikrofaser,<br \/>\nStrukturstoff).<br \/>\nMa\u00dfe: Sofa geschlossen: 210<br \/>\n\u00d7 85 \u00d7 90 cm, Bett<br \/>\nausgezogen: 210 \u00d7 45 \u00d7 140<br \/>\ncm<br \/>\nSchubladen: Anzahl: 2,<br \/>\nGr\u00f6\u00dfe je Schublade: 90 \u00d7 20<br \/>\n\u00d7 70 cm, Volumen je<br \/>\nSchublade: ca. 125 L<\/p>\n","protected":false},"excerpt":{"rendered":"<p>Ein komfortables Bettsofa mit ausziehbarer Liegefl\u00e4che und zus\u00e4tzlichen Schubladen f\u00fcr optimalen Stauraum. Ideal f\u00fcr Wohnzimmer, G\u00e4stezimmer oder kleine Apartments. Erh\u00e4ltlich in: vielen Farben &#038; Stoffvarianten (z.\u202fB. Samt, Leinen, Mikrofaser, Strukturstoff). Ma\u00dfe: Sofa geschlossen: 210 \u00d7 85 \u00d7 90 cm, Bett ausgezogen: 210 \u00d7 45 \u00d7 140 cm Schubladen: Anzahl: 2, Gr\u00f6\u00dfe je Schublade: 90 \u00d7 [&hellip;]<\/p>\n","protected":false},"featured_media":0,"template":"","meta":[],"product_cat":[34],"product_tag":[],"class_list":{"0":"post-278","1":"product","2":"type-product","3":"status-publish","5":"product_cat-autos-und-fahrzeuge","7":"first","8":"instock","9":"taxable","10":"shipping-taxable","11":"purchasable","12":"product-type-simple"},"_links":{"self":[{"href":"https:\/\/actionmall.act.at\/shop\/1115\/wp-json\/wp\/v2\/product\/278"}],"collection":[{"href":"https:\/\/actionmall.act.at\/shop\/1115\/wp-json\/wp\/v2\/product"}],"about":[{"href":"https:\/\/actionmall.act.at\/shop\/1115\/wp-json\/wp\/v2\/types\/product"}],"wp:attachment":[{"href":"https:\/\/actionmall.act.at\/shop\/1115\/wp-json\/wp\/v2\/media?parent=278"}],"wp:term":[{"taxonomy":"product_cat","embeddable":true,"href":"https:\/\/actionmall.act.at\/shop\/1115\/wp-json\/wp\/v2\/product_cat?post=278"},{"taxonomy":"product_tag","embeddable":true,"href":"https:\/\/actionmall.act.at\/shop\/1115\/wp-json\/wp\/v2\/product_tag?post=278"}],"curies":[{"name":"wp","href":"https:\/\/api.w.org\/{rel}","templated":true}]}}