{"id":280,"date":"2026-05-08T15:09:38","date_gmt":"2026-05-08T13:09:38","guid":{"rendered":"https:\/\/actionmall.act.at\/shop\/1115\/?post_type=product&#038;p=280"},"modified":"2026-05-08T15:09:39","modified_gmt":"2026-05-08T13:09:39","slug":"esstisch-emil","status":"publish","type":"product","link":"https:\/\/actionmall.act.at\/shop\/1115\/produkt\/esstisch-emil\/","title":{"rendered":"Esstisch Emil"},"content":{"rendered":"<p>Platzsparender Esstisch, der sich leicht zusammenfalten l\u00e4sst \u2013 perfekt f\u00fcr kleine<br \/>\nR\u00e4ume oder flexible Nutzung.<br \/>\nErh\u00e4ltlich in: verschiedenen Holzfarben und modernen Lackt\u00f6nen.<br \/>\nMa\u00dfe: Zugeklappt: 100 \u00d7 74 \u00d7 30 cm, Ausgeklappt: 100 \u00d7 74 \u00d7 90 cm<\/p>\n","protected":false},"excerpt":{"rendered":"<p>Platzsparender Esstisch, der sich leicht zusammenfalten l\u00e4sst \u2013 perfekt f\u00fcr kleine R\u00e4ume oder flexible Nutzung. Erh\u00e4ltlich in: verschiedenen Holzfarben und modernen Lackt\u00f6nen. Ma\u00dfe: Zugeklappt: 100 \u00d7 74 \u00d7 30 cm, Ausgeklappt: 100 \u00d7 74 \u00d7 90 cm<\/p>\n","protected":false},"featured_media":0,"template":"","meta":[],"product_cat":[34],"product_tag":[],"class_list":{"0":"post-280","1":"product","2":"type-product","3":"status-publish","5":"product_cat-autos-und-fahrzeuge","7":"first","8":"instock","9":"taxable","10":"shipping-taxable","11":"purchasable","12":"product-type-simple"},"_links":{"self":[{"href":"https:\/\/actionmall.act.at\/shop\/1115\/wp-json\/wp\/v2\/product\/280"}],"collection":[{"href":"https:\/\/actionmall.act.at\/shop\/1115\/wp-json\/wp\/v2\/product"}],"about":[{"href":"https:\/\/actionmall.act.at\/shop\/1115\/wp-json\/wp\/v2\/types\/product"}],"wp:attachment":[{"href":"https:\/\/actionmall.act.at\/shop\/1115\/wp-json\/wp\/v2\/media?parent=280"}],"wp:term":[{"taxonomy":"product_cat","embeddable":true,"href":"https:\/\/actionmall.act.at\/shop\/1115\/wp-json\/wp\/v2\/product_cat?post=280"},{"taxonomy":"product_tag","embeddable":true,"href":"https:\/\/actionmall.act.at\/shop\/1115\/wp-json\/wp\/v2\/product_tag?post=280"}],"curies":[{"name":"wp","href":"https:\/\/api.w.org\/{rel}","templated":true}]}}