{"id":281,"date":"2026-05-08T15:10:40","date_gmt":"2026-05-08T13:10:40","guid":{"rendered":"https:\/\/actionmall.act.at\/shop\/1115\/?post_type=product&#038;p=281"},"modified":"2026-05-08T15:10:40","modified_gmt":"2026-05-08T13:10:40","slug":"stuhl-sebastian","status":"publish","type":"product","link":"https:\/\/actionmall.act.at\/shop\/1115\/produkt\/stuhl-sebastian\/","title":{"rendered":"Stuhl Sebastian"},"content":{"rendered":"<p>Leichte, stapelbare oder klappbare St\u00fchle, die sich m\u00fchelos verstauen lassen. Ideal f\u00fcr<br \/>\nK\u00fcche, Esszimmer oder Veranstaltungen.<br \/>\nErh\u00e4ltlich in: unterschiedlichen Farben und Materialien (Holz, Kunststoff, gepolstert).<br \/>\nMa\u00dfe: Offen: 45 \u00d7 80 \u00d7 50 cm, Zusammengeklappt: 45 \u00d7 95 \u00d7 8 cm<\/p>\n","protected":false},"excerpt":{"rendered":"<p>Leichte, stapelbare oder klappbare St\u00fchle, die sich m\u00fchelos verstauen lassen. Ideal f\u00fcr K\u00fcche, Esszimmer oder Veranstaltungen. Erh\u00e4ltlich in: unterschiedlichen Farben und Materialien (Holz, Kunststoff, gepolstert). Ma\u00dfe: Offen: 45 \u00d7 80 \u00d7 50 cm, Zusammengeklappt: 45 \u00d7 95 \u00d7 8 cm<\/p>\n","protected":false},"featured_media":0,"template":"","meta":[],"product_cat":[42,47],"product_tag":[],"class_list":{"0":"post-281","1":"product","2":"type-product","3":"status-publish","5":"product_cat-immobilien-heim-und-garten","6":"product_cat-buero-und-bueroeinrichtung","8":"first","9":"instock","10":"taxable","11":"shipping-taxable","12":"purchasable","13":"product-type-simple"},"_links":{"self":[{"href":"https:\/\/actionmall.act.at\/shop\/1115\/wp-json\/wp\/v2\/product\/281"}],"collection":[{"href":"https:\/\/actionmall.act.at\/shop\/1115\/wp-json\/wp\/v2\/product"}],"about":[{"href":"https:\/\/actionmall.act.at\/shop\/1115\/wp-json\/wp\/v2\/types\/product"}],"wp:attachment":[{"href":"https:\/\/actionmall.act.at\/shop\/1115\/wp-json\/wp\/v2\/media?parent=281"}],"wp:term":[{"taxonomy":"product_cat","embeddable":true,"href":"https:\/\/actionmall.act.at\/shop\/1115\/wp-json\/wp\/v2\/product_cat?post=281"},{"taxonomy":"product_tag","embeddable":true,"href":"https:\/\/actionmall.act.at\/shop\/1115\/wp-json\/wp\/v2\/product_tag?post=281"}],"curies":[{"name":"wp","href":"https:\/\/api.w.org\/{rel}","templated":true}]}}