{"id":286,"date":"2026-05-08T15:15:45","date_gmt":"2026-05-08T13:15:45","guid":{"rendered":"https:\/\/actionmall.act.at\/shop\/1115\/?post_type=product&#038;p=286"},"modified":"2026-05-08T15:15:45","modified_gmt":"2026-05-08T13:15:45","slug":"weinregal-willi","status":"publish","type":"product","link":"https:\/\/actionmall.act.at\/shop\/1115\/produkt\/weinregal-willi\/","title":{"rendered":"Weinregal Willi"},"content":{"rendered":"<p>Stilvolles Weinregal zur sicheren Lagerung und Pr\u00e4sentation von Weinflaschen.<br \/>\nErh\u00e4ltlich als Standregal oder Wandmodell, f\u00fcr kleine oder gro\u00dfe Sammlungen.Kommt<br \/>\nin verschiedenen Farben, um sich harmonisch in das Ambiente einzuf\u00fcgen.<br \/>\nMa\u00dfe: Gesamt: 50 \u00d7 90 \u00d7 25 cm<br \/>\nMa\u00dfe: Flaschenf\u00e4cher: 10 \u00d7 10 \u00d7 25 cm<br \/>\nKapazit\u00e4t: 12\u201316 Flaschen<\/p>\n","protected":false},"excerpt":{"rendered":"<p>Stilvolles Weinregal zur sicheren Lagerung und Pr\u00e4sentation von Weinflaschen. Erh\u00e4ltlich als Standregal oder Wandmodell, f\u00fcr kleine oder gro\u00dfe Sammlungen.Kommt in verschiedenen Farben, um sich harmonisch in das Ambiente einzuf\u00fcgen. Ma\u00dfe: Gesamt: 50 \u00d7 90 \u00d7 25 cm Ma\u00dfe: Flaschenf\u00e4cher: 10 \u00d7 10 \u00d7 25 cm Kapazit\u00e4t: 12\u201316 Flaschen<\/p>\n","protected":false},"featured_media":0,"template":"","meta":[],"product_cat":[42,47],"product_tag":[],"class_list":{"0":"post-286","1":"product","2":"type-product","3":"status-publish","5":"product_cat-immobilien-heim-und-garten","6":"product_cat-buero-und-bueroeinrichtung","8":"first","9":"instock","10":"taxable","11":"shipping-taxable","12":"purchasable","13":"product-type-simple"},"_links":{"self":[{"href":"https:\/\/actionmall.act.at\/shop\/1115\/wp-json\/wp\/v2\/product\/286"}],"collection":[{"href":"https:\/\/actionmall.act.at\/shop\/1115\/wp-json\/wp\/v2\/product"}],"about":[{"href":"https:\/\/actionmall.act.at\/shop\/1115\/wp-json\/wp\/v2\/types\/product"}],"wp:attachment":[{"href":"https:\/\/actionmall.act.at\/shop\/1115\/wp-json\/wp\/v2\/media?parent=286"}],"wp:term":[{"taxonomy":"product_cat","embeddable":true,"href":"https:\/\/actionmall.act.at\/shop\/1115\/wp-json\/wp\/v2\/product_cat?post=286"},{"taxonomy":"product_tag","embeddable":true,"href":"https:\/\/actionmall.act.at\/shop\/1115\/wp-json\/wp\/v2\/product_tag?post=286"}],"curies":[{"name":"wp","href":"https:\/\/api.w.org\/{rel}","templated":true}]}}