{"id":349,"date":"2026-04-30T08:28:31","date_gmt":"2026-04-30T06:28:31","guid":{"rendered":"https:\/\/actionmall.act.at\/shop\/1135\/?post_type=product&#038;p=349"},"modified":"2026-04-30T08:28:31","modified_gmt":"2026-04-30T06:28:31","slug":"golden-arm","status":"publish","type":"product","link":"https:\/\/actionmall.act.at\/shop\/1135\/produkt\/golden-arm\/","title":{"rendered":"Golden Arm"},"content":{"rendered":"<p>Unsere maritimen Armb\u00e4nder, genannt Golden Arm, sind in verschiedenen Gr\u00f6\u00dfen erh\u00e4ltlich.<\/p>\n<p>Sie haben die freie Wahl zwischen Rose Gold, Gold und Silber. Die Armb\u00e4nder gibt es in S und M, je nach der Breite Ihres Handgelenks. Sie sind einfach zu kombinieren und man\u00a0kann\u00a0den Golden Arm im Alltag wie auch zu besonderen Anl\u00e4ssen tragen. Ein Begleiter f\u00fcr jeden Tag!<\/p>\n","protected":false},"excerpt":{"rendered":"<p>Unsere maritimen Armb\u00e4nder, genannt Golden Arm, sind in verschiedenen Gr\u00f6\u00dfen erh\u00e4ltlich. Sie haben die freie Wahl zwischen Rose Gold, Gold und Silber. Die Armb\u00e4nder gibt es in S und M, je nach der Breite Ihres Handgelenks. Sie sind einfach zu kombinieren und man\u00a0kann\u00a0den Golden Arm im Alltag wie auch zu besonderen Anl\u00e4ssen tragen. Ein Begleiter [&hellip;]<\/p>\n","protected":false},"featured_media":350,"template":"","meta":[],"product_cat":[35],"product_tag":[],"class_list":{"0":"post-349","1":"product","2":"type-product","3":"status-publish","4":"has-post-thumbnail","6":"product_cat-bekleidung-und-zubehoer","8":"first","9":"instock","10":"taxable","11":"shipping-taxable","12":"purchasable","13":"product-type-simple"},"_links":{"self":[{"href":"https:\/\/actionmall.act.at\/shop\/1135\/wp-json\/wp\/v2\/product\/349"}],"collection":[{"href":"https:\/\/actionmall.act.at\/shop\/1135\/wp-json\/wp\/v2\/product"}],"about":[{"href":"https:\/\/actionmall.act.at\/shop\/1135\/wp-json\/wp\/v2\/types\/product"}],"wp:featuredmedia":[{"embeddable":true,"href":"https:\/\/actionmall.act.at\/shop\/1135\/wp-json\/wp\/v2\/media\/350"}],"wp:attachment":[{"href":"https:\/\/actionmall.act.at\/shop\/1135\/wp-json\/wp\/v2\/media?parent=349"}],"wp:term":[{"taxonomy":"product_cat","embeddable":true,"href":"https:\/\/actionmall.act.at\/shop\/1135\/wp-json\/wp\/v2\/product_cat?post=349"},{"taxonomy":"product_tag","embeddable":true,"href":"https:\/\/actionmall.act.at\/shop\/1135\/wp-json\/wp\/v2\/product_tag?post=349"}],"curies":[{"name":"wp","href":"https:\/\/api.w.org\/{rel}","templated":true}]}}