{"id":351,"date":"2026-04-30T08:31:10","date_gmt":"2026-04-30T06:31:10","guid":{"rendered":"https:\/\/actionmall.act.at\/shop\/1135\/?post_type=product&#038;p=351"},"modified":"2026-04-30T08:31:10","modified_gmt":"2026-04-30T06:31:10","slug":"schreibtischordner","status":"publish","type":"product","link":"https:\/\/actionmall.act.at\/shop\/1135\/produkt\/schreibtischordner\/","title":{"rendered":"Schreibtischordner"},"content":{"rendered":"<p>Mit unserem Schreibtischordner, aus 100% echtem Holz, werden Sie Ihre pers\u00f6nlichen Accessoires ohne Probleme aufbewahren und ordnen k\u00f6nnen wie z.B. Uhr, Geldb\u00f6rse, Ringe, Schl\u00fcssel oder Mobiltelefon.<\/p>\n<p>&nbsp;<\/p>\n","protected":false},"excerpt":{"rendered":"<p>Mit unserem Schreibtischordner, aus 100% echtem Holz, werden Sie Ihre pers\u00f6nlichen Accessoires ohne Probleme aufbewahren und ordnen k\u00f6nnen wie z.B. Uhr, Geldb\u00f6rse, Ringe, Schl\u00fcssel oder Mobiltelefon. &nbsp;<\/p>\n","protected":false},"featured_media":352,"template":"","meta":[],"product_cat":[47],"product_tag":[],"class_list":{"0":"post-351","1":"product","2":"type-product","3":"status-publish","4":"has-post-thumbnail","6":"product_cat-buero-und-bueroeinrichtung","8":"first","9":"instock","10":"taxable","11":"shipping-taxable","12":"purchasable","13":"product-type-simple"},"_links":{"self":[{"href":"https:\/\/actionmall.act.at\/shop\/1135\/wp-json\/wp\/v2\/product\/351"}],"collection":[{"href":"https:\/\/actionmall.act.at\/shop\/1135\/wp-json\/wp\/v2\/product"}],"about":[{"href":"https:\/\/actionmall.act.at\/shop\/1135\/wp-json\/wp\/v2\/types\/product"}],"wp:featuredmedia":[{"embeddable":true,"href":"https:\/\/actionmall.act.at\/shop\/1135\/wp-json\/wp\/v2\/media\/352"}],"wp:attachment":[{"href":"https:\/\/actionmall.act.at\/shop\/1135\/wp-json\/wp\/v2\/media?parent=351"}],"wp:term":[{"taxonomy":"product_cat","embeddable":true,"href":"https:\/\/actionmall.act.at\/shop\/1135\/wp-json\/wp\/v2\/product_cat?post=351"},{"taxonomy":"product_tag","embeddable":true,"href":"https:\/\/actionmall.act.at\/shop\/1135\/wp-json\/wp\/v2\/product_tag?post=351"}],"curies":[{"name":"wp","href":"https:\/\/api.w.org\/{rel}","templated":true}]}}