{"id":279,"date":"2024-12-10T14:46:16","date_gmt":"2024-12-10T13:46:16","guid":{"rendered":"https:\/\/actionmall.act.at\/shop\/1216\/?post_type=product&#038;p=279"},"modified":"2024-12-10T14:46:16","modified_gmt":"2024-12-10T13:46:16","slug":"qm-seminar","status":"publish","type":"product","link":"https:\/\/actionmall.act.at\/shop\/1216\/produkt\/qm-seminar\/","title":{"rendered":"QM-Seminar"},"content":{"rendered":"<p>Lernen Sie alles was Sie \u00fcber Qualit\u00e4tsmanagement wissen m\u00fcssen!<\/p>\n<p><em>Was ist Qualit\u00e4tsmanagement?:<\/em><\/p>\n<ul>\n<li>Was bedeutet der Begriff \u201eQualit\u00e4tsmanagement\u201c?<\/li>\n<li>Wie wichtig ist es f\u00fcr meine Firma?<\/li>\n<li><\/li>\n<\/ul>\n<p><em>Ziele des Qualit\u00e4tsmanagements:<\/em><\/p>\n<ul>\n<li>Die 7 Grunds\u00e4tze<\/li>\n<li>Tipps f\u00fcr die Buchhaltung<\/li>\n<\/ul>\n<p><em>\u00a0<\/em><\/p>\n<p><em>Der Regelkreis des Qualit\u00e4tsmanagements<\/em><\/p>\n<ul>\n<li>Qualit\u00e4tsplanung<\/li>\n<li>Qualit\u00e4tslenkung<\/li>\n<li>Qualit\u00e4tssicherung<\/li>\n<li>Qualit\u00e4tsgewinn<\/li>\n<\/ul>\n","protected":false},"excerpt":{"rendered":"<p>Lernen Sie alles was Sie \u00fcber Qualit\u00e4tsmanagement wissen m\u00fcssen!<\/p>\n","protected":false},"featured_media":280,"template":"","meta":[],"product_cat":[],"product_tag":[],"class_list":{"0":"post-279","1":"product","2":"type-product","3":"status-publish","4":"has-post-thumbnail","7":"first","8":"instock","9":"taxable","10":"shipping-taxable","11":"purchasable","12":"product-type-simple"},"_links":{"self":[{"href":"https:\/\/actionmall.act.at\/shop\/1216\/wp-json\/wp\/v2\/product\/279"}],"collection":[{"href":"https:\/\/actionmall.act.at\/shop\/1216\/wp-json\/wp\/v2\/product"}],"about":[{"href":"https:\/\/actionmall.act.at\/shop\/1216\/wp-json\/wp\/v2\/types\/product"}],"wp:featuredmedia":[{"embeddable":true,"href":"https:\/\/actionmall.act.at\/shop\/1216\/wp-json\/wp\/v2\/media\/280"}],"wp:attachment":[{"href":"https:\/\/actionmall.act.at\/shop\/1216\/wp-json\/wp\/v2\/media?parent=279"}],"wp:term":[{"taxonomy":"product_cat","embeddable":true,"href":"https:\/\/actionmall.act.at\/shop\/1216\/wp-json\/wp\/v2\/product_cat?post=279"},{"taxonomy":"product_tag","embeddable":true,"href":"https:\/\/actionmall.act.at\/shop\/1216\/wp-json\/wp\/v2\/product_tag?post=279"}],"curies":[{"name":"wp","href":"https:\/\/api.w.org\/{rel}","templated":true}]}}