{"id":386,"date":"2025-11-18T08:21:15","date_gmt":"2025-11-18T07:21:15","guid":{"rendered":"https:\/\/actionmall.act.at\/shop\/1271\/?post_type=product&#038;p=386"},"modified":"2025-11-18T08:21:15","modified_gmt":"2025-11-18T07:21:15","slug":"steel-series-arctis-nova-1","status":"publish","type":"product","link":"https:\/\/actionmall.act.at\/shop\/1271\/produkt\/steel-series-arctis-nova-1\/","title":{"rendered":"Steel Series Arctis Nova 1"},"content":{"rendered":"<table class=\"a-normal a-spacing-micro\" role=\"list\">\n<tbody>\n<tr class=\"a-spacing-small po-brand\" role=\"listitem\">\n<td class=\"a-span3\" role=\"presentation\"><span class=\"a-size-base a-text-bold\">Marke<\/span><\/td>\n<td class=\"a-span9\" role=\"presentation\"><span class=\"a-size-base po-break-word\">SteelSeries<\/span><\/td>\n<\/tr>\n<tr class=\"a-spacing-small po-color\" role=\"listitem\">\n<td class=\"a-span3\" role=\"presentation\"><span class=\"a-size-base a-text-bold\">Farbe<\/span><\/td>\n<td class=\"a-span9\" role=\"presentation\"><span class=\"a-size-base po-break-word\">Schwarz<\/span><\/td>\n<\/tr>\n<tr class=\"a-spacing-small po-headphones_ear_placement\" role=\"listitem\">\n<td class=\"a-span3\" role=\"presentation\"><span class=\"a-size-base a-text-bold\">Platzierung des Ohrs<\/span><\/td>\n<td class=\"a-span9\" role=\"presentation\"><span class=\"a-size-base po-break-word\">Overear<\/span><\/td>\n<\/tr>\n<tr class=\"a-spacing-small po-headphones_form_factor\" role=\"listitem\">\n<td class=\"a-span3\" role=\"presentation\"><span class=\"a-size-base a-text-bold\">Formfaktor<\/span><\/td>\n<td class=\"a-span9\" role=\"presentation\"><span class=\"a-size-base po-break-word\">Ohrumschlie\u00dfend<\/span><\/td>\n<\/tr>\n<tr class=\"a-spacing-small po-noise_control\" role=\"listitem\">\n<td class=\"a-span3\" role=\"presentation\"><span class=\"a-size-base a-text-bold\">\u00a0<span class=\"a-size-base po-break-word\">Aktive Ger\u00e4uschunterdr\u00fcckung<\/span><\/span><\/td>\n<td class=\"a-span9\" role=\"presentation\"><span class=\"a-size-base po-break-word\">Ja<\/span><\/td>\n<\/tr>\n<tr class=\"a-spacing-small po-headphones_jack\" role=\"listitem\">\n<td class=\"a-span3\" role=\"presentation\"><span class=\"a-size-base a-text-bold\">Kopfh\u00f6rerbuchse<\/span><\/td>\n<td class=\"a-span9\" role=\"presentation\"><span class=\"a-size-base po-break-word\">3,5 mm Klinke<\/span><\/td>\n<\/tr>\n<tr class=\"a-spacing-small po-model_name\" role=\"listitem\">\n<td class=\"a-span3\" role=\"presentation\"><span class=\"a-size-base a-text-bold\">Modellname<\/span><\/td>\n<td class=\"a-span9\" role=\"presentation\"><span class=\"a-size-base po-break-word\">SteelSeries Arctis Nova 1<\/span><\/td>\n<\/tr>\n<tr class=\"a-spacing-small po-connectivity_technology\" role=\"listitem\">\n<td class=\"a-span3\" role=\"presentation\"><span class=\"a-size-base a-text-bold\">Kabelgebunden<\/span><\/td>\n<td class=\"a-span9\" role=\"presentation\"><span class=\"a-size-base po-break-word\">Ja<\/span><\/td>\n<\/tr>\n<tr class=\"a-spacing-small po-wireless_communication_technology\" role=\"listitem\">\n<td class=\"a-span3\" role=\"presentation\">Bluetooth<\/td>\n<td class=\"a-span9\" role=\"presentation\">Nein<\/td>\n<\/tr>\n<tr class=\"a-spacing-small po-included_components\" role=\"listitem\">\n<td class=\"a-span3\" role=\"presentation\"><span class=\"a-size-base a-text-bold\">Im Lieferumfang enthalten<\/span><\/td>\n<td class=\"a-span9\" role=\"presentation\"><span class=\"a-size-base po-break-word\">Kabel, Ohrpolster, Stirnband<\/span><\/td>\n<\/tr>\n<\/tbody>\n<\/table>\n","protected":false},"excerpt":{"rendered":"<p>Marke SteelSeries Farbe Schwarz Platzierung des Ohrs Overear Formfaktor Ohrumschlie\u00dfend \u00a0Aktive Ger\u00e4uschunterdr\u00fcckung Ja Kopfh\u00f6rerbuchse 3,5 mm Klinke Modellname SteelSeries Arctis Nova 1 Kabelgebunden Ja Bluetooth Nein Im Lieferumfang enthalten Kabel, Ohrpolster, Stirnband<\/p>\n","protected":false},"featured_media":402,"template":"","meta":[],"product_cat":[],"product_tag":[],"class_list":{"0":"post-386","1":"product","2":"type-product","3":"status-publish","4":"has-post-thumbnail","7":"first","8":"instock","9":"taxable","10":"shipping-taxable","11":"purchasable","12":"product-type-simple"},"_links":{"self":[{"href":"https:\/\/actionmall.act.at\/shop\/1271\/wp-json\/wp\/v2\/product\/386"}],"collection":[{"href":"https:\/\/actionmall.act.at\/shop\/1271\/wp-json\/wp\/v2\/product"}],"about":[{"href":"https:\/\/actionmall.act.at\/shop\/1271\/wp-json\/wp\/v2\/types\/product"}],"wp:featuredmedia":[{"embeddable":true,"href":"https:\/\/actionmall.act.at\/shop\/1271\/wp-json\/wp\/v2\/media\/402"}],"wp:attachment":[{"href":"https:\/\/actionmall.act.at\/shop\/1271\/wp-json\/wp\/v2\/media?parent=386"}],"wp:term":[{"taxonomy":"product_cat","embeddable":true,"href":"https:\/\/actionmall.act.at\/shop\/1271\/wp-json\/wp\/v2\/product_cat?post=386"},{"taxonomy":"product_tag","embeddable":true,"href":"https:\/\/actionmall.act.at\/shop\/1271\/wp-json\/wp\/v2\/product_tag?post=386"}],"curies":[{"name":"wp","href":"https:\/\/api.w.org\/{rel}","templated":true}]}}