{"id":453,"date":"2025-12-09T09:42:34","date_gmt":"2025-12-09T08:42:34","guid":{"rendered":"https:\/\/actionmall.act.at\/shop\/1271\/?post_type=product&#038;p=453"},"modified":"2025-12-09T09:42:34","modified_gmt":"2025-12-09T08:42:34","slug":"hp-laptop-15-fd1905ng-notebook","status":"publish","type":"product","link":"https:\/\/actionmall.act.at\/shop\/1271\/produkt\/hp-laptop-15-fd1905ng-notebook\/","title":{"rendered":"HP Laptop 15-fd1905ng Notebook"},"content":{"rendered":"<p>Ein zuverl\u00e4ssiges Notebook f\u00fcr Arbeit, Studium und allt\u00e4gliche Aufgaben.<br data-start=\"2403\" data-end=\"2406\" \/>Bietet ein gro\u00dfes Display, solide Leistung und gute Akkulaufzeit.<\/p>\n","protected":false},"excerpt":{"rendered":"<p>Ein zuverl\u00e4ssiges Notebook f\u00fcr Arbeit, Studium und allt\u00e4gliche Aufgaben.Bietet ein gro\u00dfes Display, solide Leistung und gute Akkulaufzeit.<\/p>\n","protected":false},"featured_media":409,"template":"","meta":[],"product_cat":[],"product_tag":[],"class_list":{"0":"post-453","1":"product","2":"type-product","3":"status-publish","4":"has-post-thumbnail","7":"first","8":"instock","9":"taxable","10":"shipping-taxable","11":"purchasable","12":"product-type-simple"},"_links":{"self":[{"href":"https:\/\/actionmall.act.at\/shop\/1271\/wp-json\/wp\/v2\/product\/453"}],"collection":[{"href":"https:\/\/actionmall.act.at\/shop\/1271\/wp-json\/wp\/v2\/product"}],"about":[{"href":"https:\/\/actionmall.act.at\/shop\/1271\/wp-json\/wp\/v2\/types\/product"}],"wp:featuredmedia":[{"embeddable":true,"href":"https:\/\/actionmall.act.at\/shop\/1271\/wp-json\/wp\/v2\/media\/409"}],"wp:attachment":[{"href":"https:\/\/actionmall.act.at\/shop\/1271\/wp-json\/wp\/v2\/media?parent=453"}],"wp:term":[{"taxonomy":"product_cat","embeddable":true,"href":"https:\/\/actionmall.act.at\/shop\/1271\/wp-json\/wp\/v2\/product_cat?post=453"},{"taxonomy":"product_tag","embeddable":true,"href":"https:\/\/actionmall.act.at\/shop\/1271\/wp-json\/wp\/v2\/product_tag?post=453"}],"curies":[{"name":"wp","href":"https:\/\/api.w.org\/{rel}","templated":true}]}}