{"id":260,"date":"2025-01-28T10:37:27","date_gmt":"2025-01-28T09:37:27","guid":{"rendered":"https:\/\/actionmall.act.at\/shop\/1274\/?post_type=product&#038;p=260"},"modified":"2026-04-07T11:30:17","modified_gmt":"2026-04-07T09:30:17","slug":"kl002-die-drei-betrug-beim-casting","status":"publish","type":"product","link":"https:\/\/actionmall.act.at\/shop\/1274\/produkt\/kl002-die-drei-betrug-beim-casting\/","title":{"rendered":"KL002 Die drei !!! &#8211; Betrug beim Casting"},"content":{"rendered":"<p>Alle sind im Casting-Fieber! Auch Marie will wissen, ob ihr Talent als S\u00e4ngerin sie in einer Fernseh-Show bringen wird. Doch dann f\u00e4llt die Jury eine \u00e4u\u00dferst ungew\u00f6hnliche Entscheidung. Kim, Franzi und Marie wittern einen neuen Fall und nehmen sofort die Ermittlungen auf.<\/p>\n<p>&nbsp;<\/p>\n","protected":false},"excerpt":{"rendered":"<p>Alle sind im Casting-Fieber! Auch Marie will wissen, ob ihr Talent als S\u00e4ngerin sie in einer Fernseh-Show bringen wird. Doch dann f\u00e4llt die Jury eine \u00e4u\u00dferst ungew\u00f6hnliche Entscheidung. Kim, Franzi und Marie wittern einen neuen Fall und nehmen sofort die Ermittlungen auf. &nbsp;<\/p>\n","protected":false},"featured_media":310,"template":"","meta":[],"product_cat":[43],"product_tag":[],"class_list":{"0":"post-260","1":"product","2":"type-product","3":"status-publish","4":"has-post-thumbnail","6":"product_cat-unterhaltung-freizeit-und-kultur","8":"first","9":"instock","10":"taxable","11":"shipping-taxable","12":"purchasable","13":"product-type-simple"},"_links":{"self":[{"href":"https:\/\/actionmall.act.at\/shop\/1274\/wp-json\/wp\/v2\/product\/260"}],"collection":[{"href":"https:\/\/actionmall.act.at\/shop\/1274\/wp-json\/wp\/v2\/product"}],"about":[{"href":"https:\/\/actionmall.act.at\/shop\/1274\/wp-json\/wp\/v2\/types\/product"}],"wp:featuredmedia":[{"embeddable":true,"href":"https:\/\/actionmall.act.at\/shop\/1274\/wp-json\/wp\/v2\/media\/310"}],"wp:attachment":[{"href":"https:\/\/actionmall.act.at\/shop\/1274\/wp-json\/wp\/v2\/media?parent=260"}],"wp:term":[{"taxonomy":"product_cat","embeddable":true,"href":"https:\/\/actionmall.act.at\/shop\/1274\/wp-json\/wp\/v2\/product_cat?post=260"},{"taxonomy":"product_tag","embeddable":true,"href":"https:\/\/actionmall.act.at\/shop\/1274\/wp-json\/wp\/v2\/product_tag?post=260"}],"curies":[{"name":"wp","href":"https:\/\/api.w.org\/{rel}","templated":true}]}}