{"id":275,"date":"2025-01-28T11:08:20","date_gmt":"2025-01-28T10:08:20","guid":{"rendered":"https:\/\/actionmall.act.at\/shop\/1274\/?post_type=product&#038;p=275"},"modified":"2026-04-07T11:23:40","modified_gmt":"2026-04-07T09:23:40","slug":"ul008-heisszeit-51","status":"publish","type":"product","link":"https:\/\/actionmall.act.at\/shop\/1274\/produkt\/ul008-heisszeit-51\/","title":{"rendered":"UL008 Heisszeit 51"},"content":{"rendered":"<p>Der Text beschreibt eine Klimaschutzaktivistin, deren Bild nach einem Hochwasser auf dem Markusplatz in Venedig viral geht. Am n\u00e4chsten Tag ist sie tot. Ein junger Klimaforscher, der sich in Weinviertel zur\u00fcckgezogen hat, warnt vor Populismus. Es werden Fragen zu gr\u00fcner Politik, Nationalismus und der Rolle von Umweltsch\u00fctzern gestellt. Die Wiener Journalistin Mira Valensky und ihre Freundin Vesna Krajner sto\u00dfen auf Widerstand, da ihre Fragen unerw\u00fcnscht sind, w\u00e4hrend sich nicht nur Ecke, sondern auch das gesellschaftliche Klima weiter erhitzt.<\/p>\n","protected":false},"excerpt":{"rendered":"<p>Der Text beschreibt eine Klimaschutzaktivistin, deren Bild nach einem Hochwasser auf dem Markusplatz in Venedig viral geht. Am n\u00e4chsten Tag ist sie tot. Ein junger Klimaforscher, der sich in Weinviertel zur\u00fcckgezogen hat, warnt vor Populismus. Es werden Fragen zu gr\u00fcner Politik, Nationalismus und der Rolle von Umweltsch\u00fctzern gestellt. Die Wiener Journalistin Mira Valensky und ihre [&hellip;]<\/p>\n","protected":false},"featured_media":317,"template":"","meta":[],"product_cat":[43],"product_tag":[],"class_list":{"0":"post-275","1":"product","2":"type-product","3":"status-publish","4":"has-post-thumbnail","6":"product_cat-unterhaltung-freizeit-und-kultur","8":"first","9":"instock","10":"taxable","11":"shipping-taxable","12":"purchasable","13":"product-type-simple"},"_links":{"self":[{"href":"https:\/\/actionmall.act.at\/shop\/1274\/wp-json\/wp\/v2\/product\/275"}],"collection":[{"href":"https:\/\/actionmall.act.at\/shop\/1274\/wp-json\/wp\/v2\/product"}],"about":[{"href":"https:\/\/actionmall.act.at\/shop\/1274\/wp-json\/wp\/v2\/types\/product"}],"wp:featuredmedia":[{"embeddable":true,"href":"https:\/\/actionmall.act.at\/shop\/1274\/wp-json\/wp\/v2\/media\/317"}],"wp:attachment":[{"href":"https:\/\/actionmall.act.at\/shop\/1274\/wp-json\/wp\/v2\/media?parent=275"}],"wp:term":[{"taxonomy":"product_cat","embeddable":true,"href":"https:\/\/actionmall.act.at\/shop\/1274\/wp-json\/wp\/v2\/product_cat?post=275"},{"taxonomy":"product_tag","embeddable":true,"href":"https:\/\/actionmall.act.at\/shop\/1274\/wp-json\/wp\/v2\/product_tag?post=275"}],"curies":[{"name":"wp","href":"https:\/\/api.w.org\/{rel}","templated":true}]}}