{"id":279,"date":"2025-01-28T11:11:45","date_gmt":"2025-01-28T10:11:45","guid":{"rendered":"https:\/\/actionmall.act.at\/shop\/1274\/?post_type=product&#038;p=279"},"modified":"2026-04-07T11:21:10","modified_gmt":"2026-04-07T09:21:10","slug":"ul011-leberkaes-junkie","status":"publish","type":"product","link":"https:\/\/actionmall.act.at\/shop\/1274\/produkt\/ul011-leberkaes-junkie\/","title":{"rendered":"UL011 Leberk\u00e4s &#8211; Junkie"},"content":{"rendered":"<p>Franz Eberhofer arbeitet als Polizist in der Provinz. Hier geht es meist gem\u00fctlich zu. Doch f\u00fcr ihn ist nun Schluss mit Leberk\u00e4s&#8216; und ruhiger Kugel. Denn seine Cholesterinwerte gehen durch die Decke und er muss auf seine Gesundheit achten.<\/p>\n","protected":false},"excerpt":{"rendered":"<p>Franz Eberhofer arbeitet als Polizist in der Provinz. Hier geht es meist gem\u00fctlich zu. Doch f\u00fcr ihn ist nun Schluss mit Leberk\u00e4s&#8216; und ruhiger Kugel. Denn seine Cholesterinwerte gehen durch die Decke und er muss auf seine Gesundheit achten.<\/p>\n","protected":false},"featured_media":314,"template":"","meta":[],"product_cat":[43],"product_tag":[],"class_list":{"0":"post-279","1":"product","2":"type-product","3":"status-publish","4":"has-post-thumbnail","6":"product_cat-unterhaltung-freizeit-und-kultur","8":"first","9":"instock","10":"taxable","11":"shipping-taxable","12":"purchasable","13":"product-type-simple"},"_links":{"self":[{"href":"https:\/\/actionmall.act.at\/shop\/1274\/wp-json\/wp\/v2\/product\/279"}],"collection":[{"href":"https:\/\/actionmall.act.at\/shop\/1274\/wp-json\/wp\/v2\/product"}],"about":[{"href":"https:\/\/actionmall.act.at\/shop\/1274\/wp-json\/wp\/v2\/types\/product"}],"wp:featuredmedia":[{"embeddable":true,"href":"https:\/\/actionmall.act.at\/shop\/1274\/wp-json\/wp\/v2\/media\/314"}],"wp:attachment":[{"href":"https:\/\/actionmall.act.at\/shop\/1274\/wp-json\/wp\/v2\/media?parent=279"}],"wp:term":[{"taxonomy":"product_cat","embeddable":true,"href":"https:\/\/actionmall.act.at\/shop\/1274\/wp-json\/wp\/v2\/product_cat?post=279"},{"taxonomy":"product_tag","embeddable":true,"href":"https:\/\/actionmall.act.at\/shop\/1274\/wp-json\/wp\/v2\/product_tag?post=279"}],"curies":[{"name":"wp","href":"https:\/\/api.w.org\/{rel}","templated":true}]}}