{"id":281,"date":"2025-01-28T11:12:47","date_gmt":"2025-01-28T10:12:47","guid":{"rendered":"https:\/\/actionmall.act.at\/shop\/1274\/?post_type=product&#038;p=281"},"modified":"2026-04-07T11:21:40","modified_gmt":"2026-04-07T09:21:40","slug":"ul012-letzter-saibling","status":"publish","type":"product","link":"https:\/\/actionmall.act.at\/shop\/1274\/produkt\/ul012-letzter-saibling\/","title":{"rendered":"UL012 Letzter Saibling"},"content":{"rendered":"<p>Sch\u00f6n an diesem Krimi ist die liebevolle Schilderung der Figuren und der d\u00f6rflichen Gemeinschaft mit all ihren Aff\u00e4ren und Rivalit\u00e4ten. Immer mit einem Augenzwinkern gelingt es dem Autor, dass einem der Herr Inspektor und \u201eseine Weiberwirtschaft\u201c im Lauf der Seiten so richtig ans Herz wachsen.<\/p>\n","protected":false},"excerpt":{"rendered":"<p>Sch\u00f6n an diesem Krimi ist die liebevolle Schilderung der Figuren und der d\u00f6rflichen Gemeinschaft mit all ihren Aff\u00e4ren und Rivalit\u00e4ten. Immer mit einem Augenzwinkern gelingt es dem Autor, dass einem der Herr Inspektor und \u201eseine Weiberwirtschaft\u201c im Lauf der Seiten so richtig ans Herz wachsen.<\/p>\n","protected":false},"featured_media":313,"template":"","meta":[],"product_cat":[43],"product_tag":[],"class_list":{"0":"post-281","1":"product","2":"type-product","3":"status-publish","4":"has-post-thumbnail","6":"product_cat-unterhaltung-freizeit-und-kultur","8":"first","9":"instock","10":"taxable","11":"shipping-taxable","12":"purchasable","13":"product-type-simple"},"_links":{"self":[{"href":"https:\/\/actionmall.act.at\/shop\/1274\/wp-json\/wp\/v2\/product\/281"}],"collection":[{"href":"https:\/\/actionmall.act.at\/shop\/1274\/wp-json\/wp\/v2\/product"}],"about":[{"href":"https:\/\/actionmall.act.at\/shop\/1274\/wp-json\/wp\/v2\/types\/product"}],"wp:featuredmedia":[{"embeddable":true,"href":"https:\/\/actionmall.act.at\/shop\/1274\/wp-json\/wp\/v2\/media\/313"}],"wp:attachment":[{"href":"https:\/\/actionmall.act.at\/shop\/1274\/wp-json\/wp\/v2\/media?parent=281"}],"wp:term":[{"taxonomy":"product_cat","embeddable":true,"href":"https:\/\/actionmall.act.at\/shop\/1274\/wp-json\/wp\/v2\/product_cat?post=281"},{"taxonomy":"product_tag","embeddable":true,"href":"https:\/\/actionmall.act.at\/shop\/1274\/wp-json\/wp\/v2\/product_tag?post=281"}],"curies":[{"name":"wp","href":"https:\/\/api.w.org\/{rel}","templated":true}]}}