{"id":283,"date":"2025-01-28T11:15:04","date_gmt":"2025-01-28T10:15:04","guid":{"rendered":"https:\/\/actionmall.act.at\/shop\/1274\/?post_type=product&#038;p=283"},"modified":"2026-04-07T11:18:28","modified_gmt":"2026-04-07T09:18:28","slug":"fl002-grundlagen-des-projektmanagements","status":"publish","type":"product","link":"https:\/\/actionmall.act.at\/shop\/1274\/produkt\/fl002-grundlagen-des-projektmanagements\/","title":{"rendered":"FL002 Grundlagen des Projektmanagements"},"content":{"rendered":"<p>Im Mittelpunkt des Buches steht die souver\u00e4ne Beherrschung der Methoden, Techniken und Tools des Projektmanagements. Sie erfahren, wie Sie Projekte erfolgreich starten, planen, durchf\u00fchren, \u00fcberwachen und kontrollieren, ein Projekt abschlie\u00dfen und das Ergebnis an die Auftraggeber \u00fcbergeben.<\/p>\n","protected":false},"excerpt":{"rendered":"<p>Im Mittelpunkt des Buches steht die souver\u00e4ne Beherrschung der Methoden, Techniken und Tools des Projektmanagements. Sie erfahren, wie Sie Projekte erfolgreich starten, planen, durchf\u00fchren, \u00fcberwachen und kontrollieren, ein Projekt abschlie\u00dfen und das Ergebnis an die Auftraggeber \u00fcbergeben.<\/p>\n","protected":false},"featured_media":298,"template":"","meta":[],"product_cat":[43],"product_tag":[],"class_list":{"0":"post-283","1":"product","2":"type-product","3":"status-publish","4":"has-post-thumbnail","6":"product_cat-unterhaltung-freizeit-und-kultur","8":"first","9":"instock","10":"taxable","11":"shipping-taxable","12":"purchasable","13":"product-type-simple"},"_links":{"self":[{"href":"https:\/\/actionmall.act.at\/shop\/1274\/wp-json\/wp\/v2\/product\/283"}],"collection":[{"href":"https:\/\/actionmall.act.at\/shop\/1274\/wp-json\/wp\/v2\/product"}],"about":[{"href":"https:\/\/actionmall.act.at\/shop\/1274\/wp-json\/wp\/v2\/types\/product"}],"wp:featuredmedia":[{"embeddable":true,"href":"https:\/\/actionmall.act.at\/shop\/1274\/wp-json\/wp\/v2\/media\/298"}],"wp:attachment":[{"href":"https:\/\/actionmall.act.at\/shop\/1274\/wp-json\/wp\/v2\/media?parent=283"}],"wp:term":[{"taxonomy":"product_cat","embeddable":true,"href":"https:\/\/actionmall.act.at\/shop\/1274\/wp-json\/wp\/v2\/product_cat?post=283"},{"taxonomy":"product_tag","embeddable":true,"href":"https:\/\/actionmall.act.at\/shop\/1274\/wp-json\/wp\/v2\/product_tag?post=283"}],"curies":[{"name":"wp","href":"https:\/\/api.w.org\/{rel}","templated":true}]}}