{"id":262,"date":"2024-11-13T13:24:04","date_gmt":"2024-11-13T12:24:04","guid":{"rendered":"https:\/\/actionmall.act.at\/shop\/1285\/?post_type=product&#038;p=262"},"modified":"2026-02-18T11:33:59","modified_gmt":"2026-02-18T10:33:59","slug":"sub-gripsocks","status":"publish","type":"product","link":"https:\/\/actionmall.act.at\/shop\/1285\/produkt\/sub-gripsocks\/","title":{"rendered":"SUB-GRIPSOCKS"},"content":{"rendered":"<p>Artikel Nummer: 1.1.5<\/p>\n<p>Sie bieten Ihnen einfach einen perfekten Halt und garantieren ein angenehmes Tragegef\u00fchl. Ob bei Aufw\u00e4rm\u00fcbungen, im Training oder bei einem wichtigen Spiel<\/p>\n<p>Farbe: Viele verschiedene Farben<br \/>\nGr\u00f6\u00dfe:36-45<br \/>\nNetto:14 Euro<\/p>\n<p>Brutto: 20 Euro<\/p>\n","protected":false},"excerpt":{"rendered":"<p>Artikel Nummer: 1.1.5 Sie bieten Ihnen einfach einen perfekten Halt und garantieren ein angenehmes Tragegef\u00fchl. Ob bei Aufw\u00e4rm\u00fcbungen, im Training oder bei einem wichtigen Spiel Farbe: Viele verschiedene Farben Gr\u00f6\u00dfe:36-45 Netto:14 Euro Brutto: 20 Euro<\/p>\n","protected":false},"featured_media":368,"template":"","meta":[],"product_cat":[],"product_tag":[],"class_list":{"0":"post-262","1":"product","2":"type-product","3":"status-publish","4":"has-post-thumbnail","7":"first","8":"instock","9":"taxable","10":"shipping-taxable","11":"purchasable","12":"product-type-simple"},"_links":{"self":[{"href":"https:\/\/actionmall.act.at\/shop\/1285\/wp-json\/wp\/v2\/product\/262"}],"collection":[{"href":"https:\/\/actionmall.act.at\/shop\/1285\/wp-json\/wp\/v2\/product"}],"about":[{"href":"https:\/\/actionmall.act.at\/shop\/1285\/wp-json\/wp\/v2\/types\/product"}],"wp:featuredmedia":[{"embeddable":true,"href":"https:\/\/actionmall.act.at\/shop\/1285\/wp-json\/wp\/v2\/media\/368"}],"wp:attachment":[{"href":"https:\/\/actionmall.act.at\/shop\/1285\/wp-json\/wp\/v2\/media?parent=262"}],"wp:term":[{"taxonomy":"product_cat","embeddable":true,"href":"https:\/\/actionmall.act.at\/shop\/1285\/wp-json\/wp\/v2\/product_cat?post=262"},{"taxonomy":"product_tag","embeddable":true,"href":"https:\/\/actionmall.act.at\/shop\/1285\/wp-json\/wp\/v2\/product_tag?post=262"}],"curies":[{"name":"wp","href":"https:\/\/api.w.org\/{rel}","templated":true}]}}