{"id":489,"date":"2026-05-07T12:30:11","date_gmt":"2026-05-07T10:30:11","guid":{"rendered":"https:\/\/actionmall.act.at\/shop\/132\/?post_type=product&#038;p=489"},"modified":"2026-05-07T12:30:11","modified_gmt":"2026-05-07T10:30:11","slug":"kreissaege","status":"publish","type":"product","link":"https:\/\/actionmall.act.at\/shop\/132\/produkt\/kreissaege\/","title":{"rendered":"Kreiss\u00e4ge"},"content":{"rendered":"<p>Ein Muss f\u00fcr jeden Heimwerker! Diese Handkreiss\u00e4ge ist klein, leicht und handlich &#8211; perfekt f\u00fcr ein angenehmes Arbeiten.<\/p>\n","protected":false},"excerpt":{"rendered":"<p>Ein Muss f\u00fcr jeden Heimwerker! Diese Handkreiss\u00e4ge ist klein, leicht und handlich &#8211; perfekt f\u00fcr ein angenehmes Arbeiten.<\/p>\n","protected":false},"featured_media":445,"template":"","meta":[],"product_cat":[62],"product_tag":[],"class_list":{"0":"post-489","1":"product","2":"type-product","3":"status-publish","4":"has-post-thumbnail","6":"product_cat-technische-infrastruktur-industrie","8":"first","9":"instock","10":"taxable","11":"shipping-taxable","12":"purchasable","13":"product-type-simple"},"_links":{"self":[{"href":"https:\/\/actionmall.act.at\/shop\/132\/wp-json\/wp\/v2\/product\/489"}],"collection":[{"href":"https:\/\/actionmall.act.at\/shop\/132\/wp-json\/wp\/v2\/product"}],"about":[{"href":"https:\/\/actionmall.act.at\/shop\/132\/wp-json\/wp\/v2\/types\/product"}],"wp:featuredmedia":[{"embeddable":true,"href":"https:\/\/actionmall.act.at\/shop\/132\/wp-json\/wp\/v2\/media\/445"}],"wp:attachment":[{"href":"https:\/\/actionmall.act.at\/shop\/132\/wp-json\/wp\/v2\/media?parent=489"}],"wp:term":[{"taxonomy":"product_cat","embeddable":true,"href":"https:\/\/actionmall.act.at\/shop\/132\/wp-json\/wp\/v2\/product_cat?post=489"},{"taxonomy":"product_tag","embeddable":true,"href":"https:\/\/actionmall.act.at\/shop\/132\/wp-json\/wp\/v2\/product_tag?post=489"}],"curies":[{"name":"wp","href":"https:\/\/api.w.org\/{rel}","templated":true}]}}