{"id":495,"date":"2026-05-07T12:39:09","date_gmt":"2026-05-07T10:39:09","guid":{"rendered":"https:\/\/actionmall.act.at\/shop\/132\/?post_type=product&#038;p=495"},"modified":"2026-05-07T12:39:09","modified_gmt":"2026-05-07T10:39:09","slug":"mauerziegel","status":"publish","type":"product","link":"https:\/\/actionmall.act.at\/shop\/132\/produkt\/mauerziegel\/","title":{"rendered":"Mauerziegel"},"content":{"rendered":"<p>Diesen nat\u00fcrlichen Mauerziegel k\u00f6nnen Sie f\u00fcr den Neubau, f\u00fcr eine Renovierung oder f\u00fcr den Innenausbau verwenden. Er ist bestens f\u00fcr ein Mauerwerk und f\u00fcr W\u00e4nde geeignet.<\/p>\n","protected":false},"excerpt":{"rendered":"<p>Diesen nat\u00fcrlichen Mauerziegel k\u00f6nnen Sie f\u00fcr den Neubau, f\u00fcr eine Renovierung oder f\u00fcr den Innenausbau verwenden. Er ist bestens f\u00fcr ein Mauerwerk und f\u00fcr W\u00e4nde geeignet.<\/p>\n","protected":false},"featured_media":450,"template":"","meta":[],"product_cat":[42],"product_tag":[],"class_list":{"0":"post-495","1":"product","2":"type-product","3":"status-publish","4":"has-post-thumbnail","6":"product_cat-immobilien-heim-und-garten","8":"first","9":"instock","10":"taxable","11":"shipping-taxable","12":"purchasable","13":"product-type-simple"},"_links":{"self":[{"href":"https:\/\/actionmall.act.at\/shop\/132\/wp-json\/wp\/v2\/product\/495"}],"collection":[{"href":"https:\/\/actionmall.act.at\/shop\/132\/wp-json\/wp\/v2\/product"}],"about":[{"href":"https:\/\/actionmall.act.at\/shop\/132\/wp-json\/wp\/v2\/types\/product"}],"wp:featuredmedia":[{"embeddable":true,"href":"https:\/\/actionmall.act.at\/shop\/132\/wp-json\/wp\/v2\/media\/450"}],"wp:attachment":[{"href":"https:\/\/actionmall.act.at\/shop\/132\/wp-json\/wp\/v2\/media?parent=495"}],"wp:term":[{"taxonomy":"product_cat","embeddable":true,"href":"https:\/\/actionmall.act.at\/shop\/132\/wp-json\/wp\/v2\/product_cat?post=495"},{"taxonomy":"product_tag","embeddable":true,"href":"https:\/\/actionmall.act.at\/shop\/132\/wp-json\/wp\/v2\/product_tag?post=495"}],"curies":[{"name":"wp","href":"https:\/\/api.w.org\/{rel}","templated":true}]}}