{"id":307,"date":"2024-11-28T15:25:21","date_gmt":"2024-11-28T14:25:21","guid":{"rendered":"https:\/\/actionmall.act.at\/shop\/1484\/?post_type=product&#038;p=307"},"modified":"2024-11-28T15:25:21","modified_gmt":"2024-11-28T14:25:21","slug":"k2-schiebetuerschrank","status":"publish","type":"product","link":"https:\/\/actionmall.act.at\/shop\/1484\/produkt\/k2-schiebetuerschrank\/","title":{"rendered":"K2 Schiebet\u00fcrschrank"},"content":{"rendered":"<p><em>Abmessungen<\/em><\/p>\n<p><strong>Breite (mm)<\/strong><\/p>\n<p>1200<\/p>\n<p><strong>H\u00f6he (mm)<\/strong><\/p>\n<p>3 OH \/ 1137 mm<\/p>\n<p><strong>Tiefe (mm)<\/strong><\/p>\n<p>445<\/p>\n<p><strong>Breite\/Tiefe\/H\u00f6he (mm)<\/strong><\/p>\n<p>1200 \/ 445 \/ 1137<\/p>\n<p><em>Platte<\/em><\/p>\n<p><strong>Plattenmaterial<\/strong><\/p>\n<p>Spanplatte 12 mm<\/p>\n<p><strong>Plattenoberfl\u00e4che<\/strong><\/p>\n<p>Melamingruppe 1 Grundfarben<\/p>\n<p><strong>Plattenfarbe<\/strong><\/p>\n<p>Wei\u00df Melamin (MW)<\/p>\n<p><strong>Kantenfarbe abweichend<\/strong><\/p>\n<p>nicht gew\u00e4hlt<\/p>\n<p><strong>Anbau \/ Platten\u00fcberstand<\/strong><\/p>\n<p>Nein<\/p>\n<p><strong>Breite\/Tiefe\/H\u00f6he Platte (mm)<\/strong><\/p>\n<p>1201 \/ 446 \/ 12<\/p>\n","protected":false},"excerpt":{"rendered":"<p>Abmessungen Breite (mm) 1200 H\u00f6he (mm) 3 OH \/ 1137 mm Tiefe (mm) 445 Breite\/Tiefe\/H\u00f6he (mm) 1200 \/ 445 \/ 1137 Platte Plattenmaterial Spanplatte 12 mm Plattenoberfl\u00e4che Melamingruppe 1 Grundfarben Plattenfarbe Wei\u00df Melamin (MW) Kantenfarbe abweichend nicht gew\u00e4hlt Anbau \/ Platten\u00fcberstand Nein Breite\/Tiefe\/H\u00f6he Platte (mm) 1201 \/ 446 \/ 12<\/p>\n","protected":false},"featured_media":308,"template":"","meta":[],"product_cat":[],"product_tag":[],"class_list":{"0":"post-307","1":"product","2":"type-product","3":"status-publish","4":"has-post-thumbnail","7":"first","8":"instock","9":"taxable","10":"shipping-taxable","11":"purchasable","12":"product-type-simple"},"_links":{"self":[{"href":"https:\/\/actionmall.act.at\/shop\/1484\/wp-json\/wp\/v2\/product\/307"}],"collection":[{"href":"https:\/\/actionmall.act.at\/shop\/1484\/wp-json\/wp\/v2\/product"}],"about":[{"href":"https:\/\/actionmall.act.at\/shop\/1484\/wp-json\/wp\/v2\/types\/product"}],"wp:featuredmedia":[{"embeddable":true,"href":"https:\/\/actionmall.act.at\/shop\/1484\/wp-json\/wp\/v2\/media\/308"}],"wp:attachment":[{"href":"https:\/\/actionmall.act.at\/shop\/1484\/wp-json\/wp\/v2\/media?parent=307"}],"wp:term":[{"taxonomy":"product_cat","embeddable":true,"href":"https:\/\/actionmall.act.at\/shop\/1484\/wp-json\/wp\/v2\/product_cat?post=307"},{"taxonomy":"product_tag","embeddable":true,"href":"https:\/\/actionmall.act.at\/shop\/1484\/wp-json\/wp\/v2\/product_tag?post=307"}],"curies":[{"name":"wp","href":"https:\/\/api.w.org\/{rel}","templated":true}]}}