{"id":258,"date":"2024-10-24T12:16:05","date_gmt":"2024-10-24T10:16:05","guid":{"rendered":"https:\/\/actionmall.act.at\/shop\/1554\/?post_type=product&#038;p=258"},"modified":"2025-11-10T11:06:15","modified_gmt":"2025-11-10T10:06:15","slug":"aio-raum-diffuser","status":"publish","type":"product","link":"https:\/\/actionmall.act.at\/shop\/1554\/produkt\/aio-raum-diffuser\/","title":{"rendered":"AIO-Raum-Diffuser"},"content":{"rendered":"<p>&#8211; 500 ml gro\u00dfer Diffuser<br \/>\n&#8211; Der Diffuser ist mit einem Wassertank (Fassungsverm\u00f6gen: 500 ml), der 9-15 Stunden lang verwendet werden kann, ausgestattet.<br \/>\n&#8211; Kein l\u00e4stiges Wasserauff\u00fcllen f\u00fcr mehrere Stunden!<br \/>\n&#8211; Der Diffuser f\u00fcr \u00e4therische \u00d6le kann als Luftbefeuchter und Luftreiniger verwendet werden.<br \/>\n&#8211; Es verbessert die Luftqualit\u00e4t in Ihrem Zuhause, um Allergien, trockene Haut zu lindern.<br \/>\n&#8211; 7-Farben-Nachtlampe: Unsere Diffuser haben 7 Farben von LED-Leuchten, jede mit Dim und Hell-Modi<br \/>\n&#8211; insgesamt 15 Lichtmodi.<br \/>\nProduktabmessungen: 16.8L x 16.8B x 15H cm<br \/>\nGewicht: 600 Gramm<\/p>\n","protected":false},"excerpt":{"rendered":"<p>&#8211; 500 ml gro\u00dfer Diffuser &#8211; Der Diffuser ist mit einem Wassertank (Fassungsverm\u00f6gen: 500 ml), der 9-15 Stunden lang verwendet werden kann, ausgestattet. &#8211; Kein l\u00e4stiges Wasserauff\u00fcllen f\u00fcr mehrere Stunden! &#8211; Der Diffuser f\u00fcr \u00e4therische \u00d6le kann als Luftbefeuchter und Luftreiniger verwendet werden. &#8211; Es verbessert die Luftqualit\u00e4t in Ihrem Zuhause, um Allergien, trockene Haut [&hellip;]<\/p>\n","protected":false},"featured_media":428,"template":"","meta":[],"product_cat":[],"product_tag":[],"class_list":{"0":"post-258","1":"product","2":"type-product","3":"status-publish","4":"has-post-thumbnail","7":"first","8":"instock","9":"taxable","10":"shipping-taxable","11":"purchasable","12":"product-type-simple"},"_links":{"self":[{"href":"https:\/\/actionmall.act.at\/shop\/1554\/wp-json\/wp\/v2\/product\/258"}],"collection":[{"href":"https:\/\/actionmall.act.at\/shop\/1554\/wp-json\/wp\/v2\/product"}],"about":[{"href":"https:\/\/actionmall.act.at\/shop\/1554\/wp-json\/wp\/v2\/types\/product"}],"wp:featuredmedia":[{"embeddable":true,"href":"https:\/\/actionmall.act.at\/shop\/1554\/wp-json\/wp\/v2\/media\/428"}],"wp:attachment":[{"href":"https:\/\/actionmall.act.at\/shop\/1554\/wp-json\/wp\/v2\/media?parent=258"}],"wp:term":[{"taxonomy":"product_cat","embeddable":true,"href":"https:\/\/actionmall.act.at\/shop\/1554\/wp-json\/wp\/v2\/product_cat?post=258"},{"taxonomy":"product_tag","embeddable":true,"href":"https:\/\/actionmall.act.at\/shop\/1554\/wp-json\/wp\/v2\/product_tag?post=258"}],"curies":[{"name":"wp","href":"https:\/\/api.w.org\/{rel}","templated":true}]}}