{"id":358,"date":"2025-01-27T15:00:40","date_gmt":"2025-01-27T14:00:40","guid":{"rendered":"https:\/\/actionmall.act.at\/shop\/1664\/?post_type=product&#038;p=358"},"modified":"2025-01-27T15:00:40","modified_gmt":"2025-01-27T14:00:40","slug":"sportmesse","status":"publish","type":"product","link":"https:\/\/actionmall.act.at\/shop\/1664\/produkt\/sportmesse\/","title":{"rendered":"Sportmesse"},"content":{"rendered":"<ul>\n<li>Veranstaltungen f\u00fcr 900+ Personen<\/li>\n<li>Zielgruppe: Jugendliche, Erwachsene, Senioren<\/li>\n<li>Lokation: Arena Nova, 2700 Wiener Neustadt<\/li>\n<li>Wann: 20. M\u00e4rz 2025- 20. April 2023<\/li>\n<li>Schl\u00fcsselabgabe: 2 Wochen vor Beginn<\/li>\n<\/ul>\n","protected":false},"excerpt":{"rendered":"<p>Veranstaltungen f\u00fcr 900+ Personen Zielgruppe: Jugendliche, Erwachsene, Senioren Lokation: Arena Nova, 2700 Wiener Neustadt Wann: 20. M\u00e4rz 2025- 20. April 2023 Schl\u00fcsselabgabe: 2 Wochen vor Beginn<\/p>\n","protected":false},"featured_media":359,"template":"","meta":[],"product_cat":[],"product_tag":[],"class_list":{"0":"post-358","1":"product","2":"type-product","3":"status-publish","4":"has-post-thumbnail","7":"first","8":"instock","9":"taxable","10":"shipping-taxable","11":"purchasable","12":"product-type-simple"},"_links":{"self":[{"href":"https:\/\/actionmall.act.at\/shop\/1664\/wp-json\/wp\/v2\/product\/358"}],"collection":[{"href":"https:\/\/actionmall.act.at\/shop\/1664\/wp-json\/wp\/v2\/product"}],"about":[{"href":"https:\/\/actionmall.act.at\/shop\/1664\/wp-json\/wp\/v2\/types\/product"}],"wp:featuredmedia":[{"embeddable":true,"href":"https:\/\/actionmall.act.at\/shop\/1664\/wp-json\/wp\/v2\/media\/359"}],"wp:attachment":[{"href":"https:\/\/actionmall.act.at\/shop\/1664\/wp-json\/wp\/v2\/media?parent=358"}],"wp:term":[{"taxonomy":"product_cat","embeddable":true,"href":"https:\/\/actionmall.act.at\/shop\/1664\/wp-json\/wp\/v2\/product_cat?post=358"},{"taxonomy":"product_tag","embeddable":true,"href":"https:\/\/actionmall.act.at\/shop\/1664\/wp-json\/wp\/v2\/product_tag?post=358"}],"curies":[{"name":"wp","href":"https:\/\/api.w.org\/{rel}","templated":true}]}}