{"id":262,"date":"2024-11-04T09:17:57","date_gmt":"2024-11-04T08:17:57","guid":{"rendered":"https:\/\/actionmall.act.at\/shop\/1737\/?post_type=product&#038;p=262"},"modified":"2024-11-18T08:32:25","modified_gmt":"2024-11-18T07:32:25","slug":"hoehenverstellbarer-schreibtisch-mit-kabelkanal","status":"publish","type":"product","link":"https:\/\/actionmall.act.at\/shop\/1737\/produkt\/hoehenverstellbarer-schreibtisch-mit-kabelkanal\/","title":{"rendered":"H\u00f6henverstellbarer Schreibtisch mit Kabelkanal"},"content":{"rendered":"<p><span class=\"fontstyle0\">Artikelnummer: 1090<br \/>\nGr\u00f6\u00dfe: 120 x 80 cm 4<br \/>\nMaximalbelastung: 140 kg<br \/>\n<\/span><span class=\"fontstyle0\">Mit erweitertem Kabelfach: Individuell gestaltbare Aussparungen. Wellness-Schreibtisch sorgf\u00e4ltig von Hand geschliffen und ge\u00f6lt, um eine glatte und glanzvolle Oberfl\u00e4che zu erhalten.<br \/>\n<\/span><\/p>\n","protected":false},"excerpt":{"rendered":"<p>Artikelnummer: 1090 Gr\u00f6\u00dfe: 120 x 80 cm 4 Maximalbelastung: 140 kg Mit erweitertem Kabelfach: Individuell gestaltbare Aussparungen. Wellness-Schreibtisch sorgf\u00e4ltig von Hand geschliffen und ge\u00f6lt, um eine glatte und glanzvolle Oberfl\u00e4che zu erhalten.<\/p>\n","protected":false},"featured_media":0,"template":"","meta":[],"product_cat":[],"product_tag":[],"class_list":{"0":"post-262","1":"product","2":"type-product","3":"status-publish","6":"first","7":"instock","8":"taxable","9":"shipping-taxable","10":"purchasable","11":"product-type-simple"},"_links":{"self":[{"href":"https:\/\/actionmall.act.at\/shop\/1737\/wp-json\/wp\/v2\/product\/262"}],"collection":[{"href":"https:\/\/actionmall.act.at\/shop\/1737\/wp-json\/wp\/v2\/product"}],"about":[{"href":"https:\/\/actionmall.act.at\/shop\/1737\/wp-json\/wp\/v2\/types\/product"}],"wp:attachment":[{"href":"https:\/\/actionmall.act.at\/shop\/1737\/wp-json\/wp\/v2\/media?parent=262"}],"wp:term":[{"taxonomy":"product_cat","embeddable":true,"href":"https:\/\/actionmall.act.at\/shop\/1737\/wp-json\/wp\/v2\/product_cat?post=262"},{"taxonomy":"product_tag","embeddable":true,"href":"https:\/\/actionmall.act.at\/shop\/1737\/wp-json\/wp\/v2\/product_tag?post=262"}],"curies":[{"name":"wp","href":"https:\/\/api.w.org\/{rel}","templated":true}]}}