{"id":595,"date":"2026-04-28T09:20:11","date_gmt":"2026-04-28T07:20:11","guid":{"rendered":"https:\/\/actionmall.act.at\/shop\/1785\/?post_type=product&#038;p=595"},"modified":"2026-04-28T09:42:26","modified_gmt":"2026-04-28T07:42:26","slug":"corsair-k70-core-rgb-gaming-tastatur","status":"publish","type":"product","link":"https:\/\/actionmall.act.at\/shop\/1785\/produkt\/corsair-k70-core-rgb-gaming-tastatur\/","title":{"rendered":"Corsair K70 Core RGB Gaming-Tastatur"},"content":{"rendered":"<p>Mit der\u00a0<em>CORE<\/em>-Serie will\u00a0<em>Corsair<\/em>\u00a0m\u00f6glichst viel Leistung und Funktionalit\u00e4t in eine Gaming-Tastatur packen, die trotzdem erschwinglich bleibt. Die\u00a0<em>K70 CORE TKL RGB<\/em>\u00a0ist bereits f\u00fcr unter 100\u00a0\u20ac erh\u00e4ltlich und \u00fcberzeugt auf den ersten Blick durch ihr schlankes Design. Mit einem Gewicht von 973\u00a0g ist sie zudem\u00a0<strong>recht leicht<\/strong>, allerdings ist sie trotz kompakter Gr\u00f6\u00dfe und geringem Gewicht nicht besonders gut f\u00fcr unterwegs geeignet, da es sich um ein kabelgebundenes Modell handelt. Die\u00a0<em>K70 CORE TKL RGB<\/em>\u00a0besteht gr\u00f6\u00dftenteils\u00a0<strong>aus Kunststoff, ist aber gut verarbeitet<\/strong>. Das schlanke und zugleich elegante Design besteht auf der Vorderseite aus geb\u00fcrstetem Metall und verf\u00fcgt auf der R\u00fcckseite \u00fcber 2 ausklappbare F\u00fc\u00dfe, mit denen du die\u00a0<strong>Tastatur im Winkel verstellen<\/strong>\u00a0kannst.<\/p>\n","protected":false},"excerpt":{"rendered":"<p>Mit der\u00a0CORE-Serie will\u00a0Corsair\u00a0m\u00f6glichst viel Leistung und Funktionalit\u00e4t in eine Gaming-Tastatur packen, die trotzdem erschwinglich bleibt. Die\u00a0K70 CORE TKL RGB\u00a0ist bereits f\u00fcr unter 100\u00a0\u20ac erh\u00e4ltlich und \u00fcberzeugt auf den ersten Blick durch ihr schlankes Design. Mit einem Gewicht von 973\u00a0g ist sie zudem\u00a0recht leicht, allerdings ist sie trotz kompakter Gr\u00f6\u00dfe und geringem Gewicht nicht besonders gut [&hellip;]<\/p>\n","protected":false},"featured_media":593,"template":"","meta":[],"product_cat":[58],"product_tag":[],"class_list":{"0":"post-595","1":"product","2":"type-product","3":"status-publish","4":"has-post-thumbnail","6":"product_cat-it-und-elektronik","8":"first","9":"instock","10":"taxable","11":"shipping-taxable","12":"purchasable","13":"product-type-simple"},"_links":{"self":[{"href":"https:\/\/actionmall.act.at\/shop\/1785\/wp-json\/wp\/v2\/product\/595"}],"collection":[{"href":"https:\/\/actionmall.act.at\/shop\/1785\/wp-json\/wp\/v2\/product"}],"about":[{"href":"https:\/\/actionmall.act.at\/shop\/1785\/wp-json\/wp\/v2\/types\/product"}],"wp:featuredmedia":[{"embeddable":true,"href":"https:\/\/actionmall.act.at\/shop\/1785\/wp-json\/wp\/v2\/media\/593"}],"wp:attachment":[{"href":"https:\/\/actionmall.act.at\/shop\/1785\/wp-json\/wp\/v2\/media?parent=595"}],"wp:term":[{"taxonomy":"product_cat","embeddable":true,"href":"https:\/\/actionmall.act.at\/shop\/1785\/wp-json\/wp\/v2\/product_cat?post=595"},{"taxonomy":"product_tag","embeddable":true,"href":"https:\/\/actionmall.act.at\/shop\/1785\/wp-json\/wp\/v2\/product_tag?post=595"}],"curies":[{"name":"wp","href":"https:\/\/api.w.org\/{rel}","templated":true}]}}