{"id":406,"date":"2025-04-03T16:17:57","date_gmt":"2025-04-03T14:17:57","guid":{"rendered":"https:\/\/actionmall.act.at\/shop\/18\/?post_type=product&#038;p=406"},"modified":"2025-11-18T11:33:33","modified_gmt":"2025-11-18T10:33:33","slug":"web-07-das-website-handbuch","status":"publish","type":"product","link":"https:\/\/actionmall.act.at\/shop\/18\/produkt\/web-07-das-website-handbuch\/","title":{"rendered":"WEB-07 Das Website Handbuch"},"content":{"rendered":"<p><span class=\"TextRun SCXW176539909 BCX8\" lang=\"DE-AT\" xml:lang=\"DE-AT\" data-contrast=\"none\"><span class=\"NormalTextRun SCXW176539909 BCX8\">Wenn Sie eine erfolgreiche Website programmieren und gestalten wollen, eine Website, die allen Anspr\u00fcchen gen\u00fcgt, dann ist das Ihr Buch! Hier finden Sie einfach alles: Programmierung, Design, grenzenlose Interaktivit\u00e4t, Datenbankanbindung, Content Management Systeme, Barrierefreiheit, Hackerschutz, <\/span><span class=\"NormalTextRun SpellingErrorV2Themed SCXW176539909 BCX8\">Affiliate<\/span><span class=\"NormalTextRun SCXW176539909 BCX8\">-Programme, rechtliche Fragen und vieles mehr. Kein Thema wird ausgelassen. Das ganze Buch ist au\u00dferdem ein ausgezeichnetes Nachschlagewerk. F\u00fcr den schnellen \u00dcberblick gibt es im Anhang eine HTML-Befehlsreferenz und eine Referenz der CSS-Eigenschaften.<\/span><\/span><span class=\"EOP SCXW176539909 BCX8\" data-ccp-props=\"{\">\u00a0<\/span><\/p>\n","protected":false},"excerpt":{"rendered":"<p>Wenn Sie eine erfolgreiche Website programmieren und gestalten wollen, eine Website, die allen Anspr\u00fcchen gen\u00fcgt, dann ist das Ihr Buch! Hier finden Sie einfach alles: Programmierung, Design, grenzenlose Interaktivit\u00e4t, Datenbankanbindung, Content Management Systeme, Barrierefreiheit, Hackerschutz, Affiliate-Programme, rechtliche Fragen und vieles mehr. Kein Thema wird ausgelassen. Das ganze Buch ist au\u00dferdem ein ausgezeichnetes Nachschlagewerk. F\u00fcr den [&hellip;]<\/p>\n","protected":false},"featured_media":407,"template":"","meta":[],"product_cat":[],"product_tag":[],"class_list":{"0":"post-406","1":"product","2":"type-product","3":"status-publish","4":"has-post-thumbnail","7":"first","8":"instock","9":"taxable","10":"shipping-taxable","11":"purchasable","12":"product-type-simple"},"_links":{"self":[{"href":"https:\/\/actionmall.act.at\/shop\/18\/wp-json\/wp\/v2\/product\/406"}],"collection":[{"href":"https:\/\/actionmall.act.at\/shop\/18\/wp-json\/wp\/v2\/product"}],"about":[{"href":"https:\/\/actionmall.act.at\/shop\/18\/wp-json\/wp\/v2\/types\/product"}],"wp:featuredmedia":[{"embeddable":true,"href":"https:\/\/actionmall.act.at\/shop\/18\/wp-json\/wp\/v2\/media\/407"}],"wp:attachment":[{"href":"https:\/\/actionmall.act.at\/shop\/18\/wp-json\/wp\/v2\/media?parent=406"}],"wp:term":[{"taxonomy":"product_cat","embeddable":true,"href":"https:\/\/actionmall.act.at\/shop\/18\/wp-json\/wp\/v2\/product_cat?post=406"},{"taxonomy":"product_tag","embeddable":true,"href":"https:\/\/actionmall.act.at\/shop\/18\/wp-json\/wp\/v2\/product_tag?post=406"}],"curies":[{"name":"wp","href":"https:\/\/api.w.org\/{rel}","templated":true}]}}