{"id":421,"date":"2025-05-15T13:48:10","date_gmt":"2025-05-15T11:48:10","guid":{"rendered":"https:\/\/actionmall.act.at\/shop\/18\/?post_type=product&#038;p=421"},"modified":"2025-11-18T11:32:21","modified_gmt":"2025-11-18T10:32:21","slug":"bs-09-windows-11-das-grosse-handbuch","status":"publish","type":"product","link":"https:\/\/actionmall.act.at\/shop\/18\/produkt\/bs-09-windows-11-das-grosse-handbuch\/","title":{"rendered":"BS-09 Windows 11 Das gro\u00dfe Handbuch"},"content":{"rendered":"<p>Das gro\u00dfe Standardwerk zu Windows 11! In diesem umfassenden Handbuch erfahren Einsteiger und bereits versiertere Nutzer alles, um das Betriebssystem in seiner neuesten Version sicher und effektiv zu handhaben. Die Windows-Expertin Mareile Heiting hat das geballte Wissen zu Windows 11 f\u00fcr eine reibungslose Anwendung in der Praxis aufbereitet und h\u00e4lt dabei eine F\u00fclle an Insidertipps f\u00fcr Sie parat. So beherrschen Sie alles schnell und m\u00fchelos \u2013 von der Dateiverwaltung \u00fcber die Systemwartung bis zum Einrichten von Netzwerken.<\/p>\n<p>Artikelnummer: BS-09<\/p>\n<p>Preis: 19,90\u20ac<\/p>\n<p>ISBN: 978-3-8421-0965-0<\/p>\n<p>Verlag: Vierfarben<\/p>\n<p>Seitenzahl: 912<\/p>\n","protected":false},"excerpt":{"rendered":"<p>Das gro\u00dfe Standardwerk zu Windows 11! In diesem umfassenden Handbuch erfahren Einsteiger und bereits versiertere Nutzer alles, um das Betriebssystem in seiner neuesten Version sicher und effektiv zu handhaben. Die Windows-Expertin Mareile Heiting hat das geballte Wissen zu Windows 11 f\u00fcr eine reibungslose Anwendung in der Praxis aufbereitet und h\u00e4lt dabei eine F\u00fclle an Insidertipps [&hellip;]<\/p>\n","protected":false},"featured_media":423,"template":"","meta":[],"product_cat":[],"product_tag":[],"class_list":{"0":"post-421","1":"product","2":"type-product","3":"status-publish","4":"has-post-thumbnail","7":"first","8":"instock","9":"taxable","10":"shipping-taxable","11":"purchasable","12":"product-type-simple"},"_links":{"self":[{"href":"https:\/\/actionmall.act.at\/shop\/18\/wp-json\/wp\/v2\/product\/421"}],"collection":[{"href":"https:\/\/actionmall.act.at\/shop\/18\/wp-json\/wp\/v2\/product"}],"about":[{"href":"https:\/\/actionmall.act.at\/shop\/18\/wp-json\/wp\/v2\/types\/product"}],"wp:featuredmedia":[{"embeddable":true,"href":"https:\/\/actionmall.act.at\/shop\/18\/wp-json\/wp\/v2\/media\/423"}],"wp:attachment":[{"href":"https:\/\/actionmall.act.at\/shop\/18\/wp-json\/wp\/v2\/media?parent=421"}],"wp:term":[{"taxonomy":"product_cat","embeddable":true,"href":"https:\/\/actionmall.act.at\/shop\/18\/wp-json\/wp\/v2\/product_cat?post=421"},{"taxonomy":"product_tag","embeddable":true,"href":"https:\/\/actionmall.act.at\/shop\/18\/wp-json\/wp\/v2\/product_tag?post=421"}],"curies":[{"name":"wp","href":"https:\/\/api.w.org\/{rel}","templated":true}]}}