{"id":530,"date":"2026-05-05T12:18:50","date_gmt":"2026-05-05T10:18:50","guid":{"rendered":"https:\/\/actionmall.act.at\/shop\/18\/?post_type=product&#038;p=530"},"modified":"2026-05-05T12:18:55","modified_gmt":"2026-05-05T10:18:55","slug":"ki-07-chatbots-ki-bildgeneratoren-und-co","status":"publish","type":"product","link":"https:\/\/actionmall.act.at\/shop\/18\/produkt\/ki-07-chatbots-ki-bildgeneratoren-und-co\/","title":{"rendered":"KI-07 Chatbots, KI-Bildgeneratoren und Co."},"content":{"rendered":"<p><span data-contrast=\"auto\">Das Thema hat Konjunktur. Sp\u00e4testens seit Chatbots wie\u00a0ChatGPT\u00a0und Bildgeneratoren wie\u00a0Midjourney\u00a0oder\u00a0DALL-E\u00a0die ebenso faszinierenden wie bedrohlichen M\u00f6glichkeiten der K\u00fcnstlichen Intelligenz eindrucksvoll demonstrieren, ist die \u00bbKI-Revolution\u00ab (Der Spiegel) in aller Munde. Die KI-Zukunft hat indes l\u00e4ngst begonnen. Umstritten ist allerdings die Frage, ob die weitere Entwicklung von KI-Systemen eher die Rettung der Welt einleiten oder ob \u00bbeine m\u00f6glicherweise entstehende Superintelligenz die Menschheit vernichten wird\u00ab (Die Zeit) &#8211; aber alle sind sich einig: K\u00fcnstliche Intelligenz ist die bedeutendste Technologie unserer Zeit, und sie wird unsere Zukunft bestimmen. Der Autor zeigt in diesem Buch, dass sich durch den Einsatz sehr verschiedener Formen von KI alle Lebensbereiche &#8211; von allt\u00e4glichen Erledigungen und Kommunikationsroutinen bis zur Weltpolitik und zu philosophischen Grundfragen &#8211; fundamental ver\u00e4ndern werden. Und er f\u00fchrt uns vor Augen, wie K\u00fcnstliche Intelligenz Gesellschaft, Politik, Alltag und Wirtschaft, Sprache, Pop und Kultur schon jetzt durchdringt, wie sie immer mehr Teil sowohl unserer Praxis als auch unserer kollektiven Fantasie wird. Georg See\u00dflens Buch ist eine Kritik der KI-Welt, in der wir mittlerweile schon leben, und es ist eine Kritik der Pl\u00e4ne und Aussichten, der Triumphe und der Katastrophen, die damit verbunden sind. Es ist aber auch eine Aufforderung, sich die neuen Technologien als Baustein f\u00fcr die Utopie einer anderen Gesellschaftsordnung anzueignen. Wenn wir es schaffen, unsere Welt zu verbessern, dann wird KI ein Teil dieser Verbesserung sein; wenn wir es schaffen, unsere Welt weiter zu ruinieren, dann wird KI auch daran Anteil haben.<\/span><span data-ccp-props=\"{}\">\u00a0<\/span><\/p>\n<p><span data-ccp-props=\"{}\">\u00a0<\/span><\/p>\n<p><span data-contrast=\"auto\">Art. Nr.: KI-07<\/span><span data-ccp-props=\"{}\">\u00a0<\/span><\/p>\n<p><span data-contrast=\"auto\">Seitenzahl:\u00a0326<\/span><span data-ccp-props=\"{}\">\u00a0<\/span><\/p>\n<p><span data-contrast=\"auto\">Verlag:\u00a0Bertz + Fischer<\/span><span data-ccp-props=\"{}\">\u00a0<\/span><\/p>\n<p><span data-contrast=\"auto\">ISBN:\u00a0978-3-8650-5777-8<\/span><span data-ccp-props=\"{}\">\u00a0<\/span><\/p>\n<p><span data-contrast=\"auto\">Preis: 22,00 \u20ac inkl.\u00a0USt<\/span><span data-ccp-props=\"{}\">\u00a0<\/span><\/p>\n","protected":false},"excerpt":{"rendered":"<p>Das Thema hat Konjunktur. Sp\u00e4testens seit Chatbots wie\u00a0ChatGPT\u00a0und Bildgeneratoren wie\u00a0Midjourney\u00a0oder\u00a0DALL-E\u00a0die ebenso faszinierenden wie bedrohlichen M\u00f6glichkeiten der K\u00fcnstlichen Intelligenz eindrucksvoll demonstrieren, ist die \u00bbKI-Revolution\u00ab (Der Spiegel) in aller Munde. Die KI-Zukunft hat indes l\u00e4ngst begonnen. Umstritten ist allerdings die Frage, ob die weitere Entwicklung von KI-Systemen eher die Rettung der Welt einleiten oder ob \u00bbeine m\u00f6glicherweise [&hellip;]<\/p>\n","protected":false},"featured_media":0,"template":"","meta":[],"product_cat":[34],"product_tag":[],"class_list":{"0":"post-530","1":"product","2":"type-product","3":"status-publish","5":"product_cat-autos-und-fahrzeuge","7":"first","8":"instock","9":"taxable","10":"shipping-taxable","11":"purchasable","12":"product-type-simple"},"_links":{"self":[{"href":"https:\/\/actionmall.act.at\/shop\/18\/wp-json\/wp\/v2\/product\/530"}],"collection":[{"href":"https:\/\/actionmall.act.at\/shop\/18\/wp-json\/wp\/v2\/product"}],"about":[{"href":"https:\/\/actionmall.act.at\/shop\/18\/wp-json\/wp\/v2\/types\/product"}],"wp:attachment":[{"href":"https:\/\/actionmall.act.at\/shop\/18\/wp-json\/wp\/v2\/media?parent=530"}],"wp:term":[{"taxonomy":"product_cat","embeddable":true,"href":"https:\/\/actionmall.act.at\/shop\/18\/wp-json\/wp\/v2\/product_cat?post=530"},{"taxonomy":"product_tag","embeddable":true,"href":"https:\/\/actionmall.act.at\/shop\/18\/wp-json\/wp\/v2\/product_tag?post=530"}],"curies":[{"name":"wp","href":"https:\/\/api.w.org\/{rel}","templated":true}]}}