{"id":537,"date":"2026-05-12T12:31:04","date_gmt":"2026-05-12T10:31:04","guid":{"rendered":"https:\/\/actionmall.act.at\/shop\/18\/?post_type=product&#038;p=537"},"modified":"2026-05-12T12:31:04","modified_gmt":"2026-05-12T10:31:04","slug":"cm-03-mindful-social-media-marketing","status":"publish","type":"product","link":"https:\/\/actionmall.act.at\/shop\/18\/produkt\/cm-03-mindful-social-media-marketing\/","title":{"rendered":"CM-03 Mindful Social Media Marketing"},"content":{"rendered":"<p><span data-contrast=\"auto\">Beschreibung<\/span><span data-ccp-props=\"{}\">\u00a0<\/span><\/p>\n<p><span data-contrast=\"auto\">Du hast\u00a0ein\u00a0kreatives\u00a0Produkt oder eine serviceorientierte Dienstleistung, die du auf den Markt bringen m\u00f6chtest? Etwas, was dir am Herzen liegt und wof\u00fcr du neue Kunden oder Teilnehmer gewinnen m\u00f6chtest? Dann ist das das richtige Buch f\u00fcr dich: Vom richtigen\u00a0Mindset, dem Warum und\u00a0Purpose\u00a0deines Unternehmens\u00a0\u00fcber den richtigen Marketing-Mix, der Auswahl der richtigen Kan\u00e4le wie Facebook, Pinterest und Blogs bis hin zu nachhaltigen Inhalten, die dir auch langfristig deine Wunschkunden*innen bringen.\u00a0Journaling-Fragen helfen dir zudem bei der\u00a0Selbstreflexion, um die richtigen Antworten f\u00fcr deine individuelle Strategie zu finden. Perfekt auch f\u00fcr Strategie-Muffel geeignet.<\/span><span data-ccp-props=\"{}\">\u00a0<\/span><\/p>\n<p><span data-contrast=\"auto\">Preis:\u00a030,80 \u20acinkl. gesetzl. MwSt.<\/span><span data-ccp-props=\"{\"469777462\":[3435],\"469777927\":[0],\"469777928\":[1]}\">\u00a0<\/span><\/p>\n<p><span data-contrast=\"auto\">ISBN:\u00a0978-3-8362-8004-4<\/span><span data-ccp-props=\"{\"469777462\":[3435],\"469777927\":[0],\"469777928\":[1]}\">\u00a0<\/span><\/p>\n<p><span data-contrast=\"auto\">Verlag:\u00a0Rheinwerk<\/span><span data-ccp-props=\"{\"469777462\":[3435],\"469777927\":[0],\"469777928\":[1]}\">\u00a0<\/span><\/p>\n<p><span data-contrast=\"auto\">Seitenzahl:\u00a0427<\/span><\/p>\n","protected":false},"excerpt":{"rendered":"<p>Beschreibung\u00a0 Du hast\u00a0ein\u00a0kreatives\u00a0Produkt oder eine serviceorientierte Dienstleistung, die du auf den Markt bringen m\u00f6chtest? Etwas, was dir am Herzen liegt und wof\u00fcr du neue Kunden oder Teilnehmer gewinnen m\u00f6chtest? Dann ist das das richtige Buch f\u00fcr dich: Vom richtigen\u00a0Mindset, dem Warum und\u00a0Purpose\u00a0deines Unternehmens\u00a0\u00fcber den richtigen Marketing-Mix, der Auswahl der richtigen Kan\u00e4le wie Facebook, Pinterest und [&hellip;]<\/p>\n","protected":false},"featured_media":0,"template":"","meta":[],"product_cat":[34],"product_tag":[],"class_list":{"0":"post-537","1":"product","2":"type-product","3":"status-publish","5":"product_cat-autos-und-fahrzeuge","7":"first","8":"instock","9":"taxable","10":"shipping-taxable","11":"purchasable","12":"product-type-simple"},"_links":{"self":[{"href":"https:\/\/actionmall.act.at\/shop\/18\/wp-json\/wp\/v2\/product\/537"}],"collection":[{"href":"https:\/\/actionmall.act.at\/shop\/18\/wp-json\/wp\/v2\/product"}],"about":[{"href":"https:\/\/actionmall.act.at\/shop\/18\/wp-json\/wp\/v2\/types\/product"}],"wp:attachment":[{"href":"https:\/\/actionmall.act.at\/shop\/18\/wp-json\/wp\/v2\/media?parent=537"}],"wp:term":[{"taxonomy":"product_cat","embeddable":true,"href":"https:\/\/actionmall.act.at\/shop\/18\/wp-json\/wp\/v2\/product_cat?post=537"},{"taxonomy":"product_tag","embeddable":true,"href":"https:\/\/actionmall.act.at\/shop\/18\/wp-json\/wp\/v2\/product_tag?post=537"}],"curies":[{"name":"wp","href":"https:\/\/api.w.org\/{rel}","templated":true}]}}