{"id":441,"date":"2025-10-02T15:53:49","date_gmt":"2025-10-02T13:53:49","guid":{"rendered":"https:\/\/actionmall.act.at\/shop\/1925\/?post_type=product&#038;p=441"},"modified":"2026-01-22T14:53:27","modified_gmt":"2026-01-22T13:53:27","slug":"apple-macbook-air-m4","status":"publish","type":"product","link":"https:\/\/actionmall.act.at\/shop\/1925\/produkt\/apple-macbook-air-m4\/","title":{"rendered":"Apple MacBook Air M4"},"content":{"rendered":"<p>LEICHTGESCHWINDIGKEIT \u2013 Das MacBook Air mit dem M4 Chip macht Arbeit und Gaming superschnell. Mit Apple Intelligence*, bis zu 18 Stunden Batterielaufzeit* und einem unglaublich mobilen Design kannst du es \u00fcberallhin mitnehmen \u2013 und alles damit machen.<\/p>\n<p>MIT DER POWER DES M4 \u2013 Mit dem Apple M4 wird alles, was du machst, noch schneller und fl\u00fcssiger \u2013 arbeite in mehreren Apps, bearbeite Videos oder spiele grafisch anspruchsvolle Games.<\/p>\n<p>ENTWICKELT F\u00dcR APPLE INTELLIGENCE \u2013 Apple Intelligence ist dein pers\u00f6nliches Intelligenz System und hilft dir etwas zu schreiben, dich auszudr\u00fccken und Aufgaben m\u00fchelos zu erledigen. Und mit revolution\u00e4rem Datenschutz kannst du ganz beruhigt sein, dass niemand auf deine pers\u00f6nlichen Daten zugreifen kann \u2212 auch nicht Apple.*<\/p>\n<p>BIS ZU 18 STUNDEN BATTERIELAUFZEIT \u2013 Das MacBook Air liefert die gleiche unglaubliche Performance \u2013 ganz gleich, ob es mit Batterie l\u00e4uft oder am Strom angeschlossen ist.*<\/p>\n<p>EIN BRILLANTES DISPLAY \u2013 Das 13,6&#8243; Liquid Retina Display unterst\u00fctzt eine Milliarde Farben.* Fotos und Videos erscheinen mit einem beeindruckend hohen Kontrast und klaren Details, Text ist gestochen scharf.<\/p>\n<p>BESSER AUSSEHEN. BESSER KLINGEN. \u2013 Mit einer 12MP Center Stage Kamera, drei Mikrofonen und vier Lautsprechern mit 3D Audio sieht alles gro\u00dfartig aus und klingt auch so.<\/p>\n<p>VERBINDE ALLES \u2013 Das MacBook Air hat zwei Thunderbolt 4 Anschl\u00fcsse, einen MagSafe Ladeanschluss, einen Kopfh\u00f6reranschluss, WLAN 6E* und Bluetooth 5.3. Und es unterst\u00fctzt bis zu zwei externe Displays.<\/p>\n","protected":false},"excerpt":{"rendered":"<p>LEICHTGESCHWINDIGKEIT \u2013 Das MacBook Air mit dem M4 Chip macht Arbeit und Gaming superschnell. Mit Apple Intelligence*, bis zu 18 Stunden Batterielaufzeit* und einem unglaublich mobilen Design kannst du es \u00fcberallhin mitnehmen \u2013 und alles damit machen.<\/p>\n<p>MIT DER POWER DES M4 \u2013 Mit dem Apple M4 wird alles, was du machst, noch schneller und fl\u00fcssiger \u2013 arbeite in mehreren Apps, bearbeite Videos oder spiele grafisch anspruchsvolle Games.<\/p>\n<p>ENTWICKELT F\u00dcR APPLE INTELLIGENCE \u2013 Apple Intelligence ist dein pers\u00f6nliches Intelligenz System und hilft dir etwas zu schreiben, dich auszudr\u00fccken und Aufgaben m\u00fchelos zu erledigen. Und mit revolution\u00e4rem Datenschutz kannst du ganz beruhigt sein, dass niemand auf deine pers\u00f6nlichen Daten zugreifen kann \u2212 auch nicht Apple.*<\/p>\n<p>BIS ZU 18 STUNDEN BATTERIELAUFZEIT \u2013 Das MacBook Air liefert die gleiche unglaubliche Performance \u2013 ganz gleich, ob es mit Batterie l\u00e4uft oder am Strom angeschlossen ist.*<\/p>\n<p>EIN BRILLANTES DISPLAY \u2013 Das 13,6&#8243; Liquid Retina Display unterst\u00fctzt eine Milliarde Farben.* Fotos und Videos erscheinen mit einem beeindruckend hohen Kontrast und klaren Details, Text ist gestochen scharf.<\/p>\n<p>BESSER AUSSEHEN. BESSER KLINGEN. \u2013 Mit einer 12MP Center Stage Kamera, drei Mikrofonen und vier Lautsprechern mit 3D Audio sieht alles gro\u00dfartig aus und klingt auch so.<\/p>\n<p>VERBINDE ALLES \u2013 Das MacBook Air hat zwei Thunderbolt 4 Anschl\u00fcsse, einen MagSafe Ladeanschluss, einen Kopfh\u00f6reranschluss, WLAN 6E* und Bluetooth 5.3. Und es unterst\u00fctzt bis zu zwei externe Displays.<\/p>\n","protected":false},"featured_media":448,"template":"","meta":[],"product_cat":[],"product_tag":[],"class_list":{"0":"post-441","1":"product","2":"type-product","3":"status-publish","4":"has-post-thumbnail","7":"first","8":"instock","9":"taxable","10":"shipping-taxable","11":"purchasable","12":"product-type-simple"},"_links":{"self":[{"href":"https:\/\/actionmall.act.at\/shop\/1925\/wp-json\/wp\/v2\/product\/441"}],"collection":[{"href":"https:\/\/actionmall.act.at\/shop\/1925\/wp-json\/wp\/v2\/product"}],"about":[{"href":"https:\/\/actionmall.act.at\/shop\/1925\/wp-json\/wp\/v2\/types\/product"}],"wp:featuredmedia":[{"embeddable":true,"href":"https:\/\/actionmall.act.at\/shop\/1925\/wp-json\/wp\/v2\/media\/448"}],"wp:attachment":[{"href":"https:\/\/actionmall.act.at\/shop\/1925\/wp-json\/wp\/v2\/media?parent=441"}],"wp:term":[{"taxonomy":"product_cat","embeddable":true,"href":"https:\/\/actionmall.act.at\/shop\/1925\/wp-json\/wp\/v2\/product_cat?post=441"},{"taxonomy":"product_tag","embeddable":true,"href":"https:\/\/actionmall.act.at\/shop\/1925\/wp-json\/wp\/v2\/product_tag?post=441"}],"curies":[{"name":"wp","href":"https:\/\/api.w.org\/{rel}","templated":true}]}}