{"id":450,"date":"2025-10-02T15:57:55","date_gmt":"2025-10-02T13:57:55","guid":{"rendered":"https:\/\/actionmall.act.at\/shop\/1925\/?post_type=product&#038;p=450"},"modified":"2026-04-09T16:59:03","modified_gmt":"2026-04-09T14:59:03","slug":"ipad-air-6-2024-m2-series","status":"publish","type":"product","link":"https:\/\/actionmall.act.at\/shop\/1925\/produkt\/ipad-air-6-2024-m2-series\/","title":{"rendered":"iPad Air 6 (2024, M2 series)"},"content":{"rendered":"<div class=\"ewa-rteLine\">General\u00fcberholte Elektronik ist wie neu &#8211; nur besser f\u00fcr den Planeten und deinen Geldbeutel. Unsere H\u00e4ndler sind Elektronikexperten, die jedes Ger\u00e4t vor der Auslieferung auf Sauberkeit und 100%-ige Funktionsf\u00e4higkeit pr\u00fcfen und verifizieren. Du bekommst das, was auf der Verpackung steht, oder dein Geld zur\u00fcck.<\/div>\n","protected":false},"excerpt":{"rendered":"<div class=\"ewa-rteLine\">General\u00fcberholte Elektronik ist wie neu &#8211; nur besser f\u00fcr den Planeten und deinen Geldbeutel. Unsere H\u00e4ndler sind Elektronikexperten, die jedes Ger\u00e4t vor der Auslieferung auf Sauberkeit und 100%-ige Funktionsf\u00e4higkeit pr\u00fcfen und verifizieren. Du bekommst das, was auf der Verpackung steht, oder dein Geld zur\u00fcck.<\/div>\n","protected":false},"featured_media":453,"template":"","meta":[],"product_cat":[34],"product_tag":[],"class_list":{"0":"post-450","1":"product","2":"type-product","3":"status-publish","4":"has-post-thumbnail","6":"product_cat-autos-und-fahrzeuge","8":"first","9":"instock","10":"sale","11":"taxable","12":"shipping-taxable","13":"purchasable","14":"product-type-simple"},"_links":{"self":[{"href":"https:\/\/actionmall.act.at\/shop\/1925\/wp-json\/wp\/v2\/product\/450"}],"collection":[{"href":"https:\/\/actionmall.act.at\/shop\/1925\/wp-json\/wp\/v2\/product"}],"about":[{"href":"https:\/\/actionmall.act.at\/shop\/1925\/wp-json\/wp\/v2\/types\/product"}],"wp:featuredmedia":[{"embeddable":true,"href":"https:\/\/actionmall.act.at\/shop\/1925\/wp-json\/wp\/v2\/media\/453"}],"wp:attachment":[{"href":"https:\/\/actionmall.act.at\/shop\/1925\/wp-json\/wp\/v2\/media?parent=450"}],"wp:term":[{"taxonomy":"product_cat","embeddable":true,"href":"https:\/\/actionmall.act.at\/shop\/1925\/wp-json\/wp\/v2\/product_cat?post=450"},{"taxonomy":"product_tag","embeddable":true,"href":"https:\/\/actionmall.act.at\/shop\/1925\/wp-json\/wp\/v2\/product_tag?post=450"}],"curies":[{"name":"wp","href":"https:\/\/api.w.org\/{rel}","templated":true}]}}