{"id":454,"date":"2025-10-02T15:59:42","date_gmt":"2025-10-02T13:59:42","guid":{"rendered":"https:\/\/actionmall.act.at\/shop\/1925\/?post_type=product&#038;p=454"},"modified":"2026-02-05T13:05:46","modified_gmt":"2026-02-05T12:05:46","slug":"huelle-iphone-16-silikon-blau","status":"publish","type":"product","link":"https:\/\/actionmall.act.at\/shop\/1925\/produkt\/huelle-iphone-16-silikon-blau\/","title":{"rendered":"H\u00fclle iPhone 16 &#8211; Silikon &#8211; Blau"},"content":{"rendered":"<div class=\"ewa-rteLine\">\n<table width=\"167\">\n<tbody>\n<tr>\n<td width=\"167\">Verleihe deinem iPhone einen eleganten Look mit dieser original Silikon-Case MagSafe. Die H\u00fclle besteht aus hochwertigem Silikon mit sto\u00dfabsorbierender Wirkung. Dank der integrierten MagSafe-Funktion lassen sich problemlos MagSafe-Produkte verwenden. Dank des leichten und schlanken Designs der H\u00fclle wird das Handy kaum vergr\u00f6\u00dfert.<\/td>\n<\/tr>\n<\/tbody>\n<\/table>\n<\/div>\n","protected":false},"excerpt":{"rendered":"<p>Verleihe deinem iPhone einen eleganten Look mit dieser original Silikon-Case MagSafe. Die H\u00fclle besteht aus hochwertigem Silikon mit sto\u00dfabsorbierender Wirkung. Dank der integrierten MagSafe-Funktion lassen sich problemlos MagSafe-Produkte verwenden. Dank des leichten und schlanken Designs der H\u00fclle wird das Handy kaum vergr\u00f6\u00dfert.<\/p>\n","protected":false},"featured_media":455,"template":"","meta":[],"product_cat":[],"product_tag":[],"class_list":{"0":"post-454","1":"product","2":"type-product","3":"status-publish","4":"has-post-thumbnail","7":"first","8":"instock","9":"taxable","10":"shipping-taxable","11":"purchasable","12":"product-type-simple"},"_links":{"self":[{"href":"https:\/\/actionmall.act.at\/shop\/1925\/wp-json\/wp\/v2\/product\/454"}],"collection":[{"href":"https:\/\/actionmall.act.at\/shop\/1925\/wp-json\/wp\/v2\/product"}],"about":[{"href":"https:\/\/actionmall.act.at\/shop\/1925\/wp-json\/wp\/v2\/types\/product"}],"wp:featuredmedia":[{"embeddable":true,"href":"https:\/\/actionmall.act.at\/shop\/1925\/wp-json\/wp\/v2\/media\/455"}],"wp:attachment":[{"href":"https:\/\/actionmall.act.at\/shop\/1925\/wp-json\/wp\/v2\/media?parent=454"}],"wp:term":[{"taxonomy":"product_cat","embeddable":true,"href":"https:\/\/actionmall.act.at\/shop\/1925\/wp-json\/wp\/v2\/product_cat?post=454"},{"taxonomy":"product_tag","embeddable":true,"href":"https:\/\/actionmall.act.at\/shop\/1925\/wp-json\/wp\/v2\/product_tag?post=454"}],"curies":[{"name":"wp","href":"https:\/\/api.w.org\/{rel}","templated":true}]}}