{"id":279,"date":"2024-12-05T13:35:26","date_gmt":"2024-12-05T12:35:26","guid":{"rendered":"https:\/\/actionmall.act.at\/shop\/1981\/?post_type=product&#038;p=279"},"modified":"2025-01-10T15:45:16","modified_gmt":"2025-01-10T14:45:16","slug":"schluesselanhaenger-mit-bilderfach","status":"publish","type":"product","link":"https:\/\/actionmall.act.at\/shop\/1981\/produkt\/schluesselanhaenger-mit-bilderfach\/","title":{"rendered":"Schl\u00fcsselanh\u00e4nger mit Bilderfach"},"content":{"rendered":"<p>Verleihen Sie Ihrem Schl\u00fcsselbund eine pers\u00f6nliche Note mit unserem eleganten Schl\u00fcsselanh\u00e4nger aus hochwertigem Ahornholz. Der naturbelassene Holzanh\u00e4nger besticht durch seine zeitlose Optik und f\u00fchlt sich dank der feinen Holzstruktur besonders angenehm an. Besonders praktisch ist das integrierte Bildfach, das Platz f\u00fcr ein kleines Foto oder eine Erinnerung bietet, das Sie immer bei sich tragen k\u00f6nnen.<\/p>\n<p>Gravur: Lassen Sie sich einen Namen, ein Datum oder eine besondere Botschaft in das Holz eingravieren- perfekt f\u00fcr einen individuellen Touch.<\/p>\n","protected":false},"excerpt":{"rendered":"<p>Der Schl\u00fcsselanh\u00e4nger aus hochwertigem Ahornholz mit integriertem Bildfach bietet Platz f\u00fcr eine kleine Erinnerung und \u00fcberzeugt durch sein elegantes Design. Auf Wunsch kann der Anh\u00e4nger mit einer pers\u00f6nlichen Gravur versehen werden. Ideal als Geschenk oder f\u00fcr den eigenen Gebrauch.<\/p>\n","protected":false},"featured_media":280,"template":"","meta":[],"product_cat":[],"product_tag":[],"class_list":{"0":"post-279","1":"product","2":"type-product","3":"status-publish","4":"has-post-thumbnail","7":"first","8":"instock","9":"taxable","10":"shipping-taxable","11":"purchasable","12":"product-type-simple"},"_links":{"self":[{"href":"https:\/\/actionmall.act.at\/shop\/1981\/wp-json\/wp\/v2\/product\/279"}],"collection":[{"href":"https:\/\/actionmall.act.at\/shop\/1981\/wp-json\/wp\/v2\/product"}],"about":[{"href":"https:\/\/actionmall.act.at\/shop\/1981\/wp-json\/wp\/v2\/types\/product"}],"wp:featuredmedia":[{"embeddable":true,"href":"https:\/\/actionmall.act.at\/shop\/1981\/wp-json\/wp\/v2\/media\/280"}],"wp:attachment":[{"href":"https:\/\/actionmall.act.at\/shop\/1981\/wp-json\/wp\/v2\/media?parent=279"}],"wp:term":[{"taxonomy":"product_cat","embeddable":true,"href":"https:\/\/actionmall.act.at\/shop\/1981\/wp-json\/wp\/v2\/product_cat?post=279"},{"taxonomy":"product_tag","embeddable":true,"href":"https:\/\/actionmall.act.at\/shop\/1981\/wp-json\/wp\/v2\/product_tag?post=279"}],"curies":[{"name":"wp","href":"https:\/\/api.w.org\/{rel}","templated":true}]}}