{"id":332,"date":"2025-12-09T10:39:34","date_gmt":"2025-12-09T09:39:34","guid":{"rendered":"https:\/\/actionmall.act.at\/shop\/2025\/?post_type=product&#038;p=332"},"modified":"2025-12-09T10:39:34","modified_gmt":"2025-12-09T09:39:34","slug":"glueckstasse-glueckstee","status":"publish","type":"product","link":"https:\/\/actionmall.act.at\/shop\/2025\/produkt\/glueckstasse-glueckstee\/","title":{"rendered":"Gl\u00fcckstasse &#8222;Gl\u00fcckstee&#8220;"},"content":{"rendered":"<p>&nbsp;<\/p>\n<p><strong>Die Gl\u00fcckstasse \u2013 Ein Gef\u00e4\u00df voll guter F\u00fcgung<\/strong><\/p>\n<p>Dies schlicht\u2019 Trinkgeschirr aus feinem Ton h\u00e4lt stand gegen jeden hitzigen R\u00fcpel und erfreut selbst den tr\u00fcbsten Schelm. Ein treuer Begleiter f\u00fcr Tee, Trank und frohen Mut, der jedem Wicht des Missgeschicks trotzet und mit warmem Schluck das Herz erheitert.<\/p>\n","protected":false},"excerpt":{"rendered":"<p>&nbsp; Die Gl\u00fcckstasse \u2013 Ein Gef\u00e4\u00df voll guter F\u00fcgung Dies schlicht\u2019 Trinkgeschirr aus feinem Ton h\u00e4lt stand gegen jeden hitzigen R\u00fcpel und erfreut selbst den tr\u00fcbsten Schelm. Ein treuer Begleiter f\u00fcr Tee, Trank und frohen Mut, der jedem Wicht des Missgeschicks trotzet und mit warmem Schluck das Herz erheitert.<\/p>\n","protected":false},"featured_media":333,"template":"","meta":[],"product_cat":[],"product_tag":[],"class_list":{"0":"post-332","1":"product","2":"type-product","3":"status-publish","4":"has-post-thumbnail","7":"first","8":"instock","9":"taxable","10":"shipping-taxable","11":"purchasable","12":"product-type-simple"},"_links":{"self":[{"href":"https:\/\/actionmall.act.at\/shop\/2025\/wp-json\/wp\/v2\/product\/332"}],"collection":[{"href":"https:\/\/actionmall.act.at\/shop\/2025\/wp-json\/wp\/v2\/product"}],"about":[{"href":"https:\/\/actionmall.act.at\/shop\/2025\/wp-json\/wp\/v2\/types\/product"}],"wp:featuredmedia":[{"embeddable":true,"href":"https:\/\/actionmall.act.at\/shop\/2025\/wp-json\/wp\/v2\/media\/333"}],"wp:attachment":[{"href":"https:\/\/actionmall.act.at\/shop\/2025\/wp-json\/wp\/v2\/media?parent=332"}],"wp:term":[{"taxonomy":"product_cat","embeddable":true,"href":"https:\/\/actionmall.act.at\/shop\/2025\/wp-json\/wp\/v2\/product_cat?post=332"},{"taxonomy":"product_tag","embeddable":true,"href":"https:\/\/actionmall.act.at\/shop\/2025\/wp-json\/wp\/v2\/product_tag?post=332"}],"curies":[{"name":"wp","href":"https:\/\/api.w.org\/{rel}","templated":true}]}}