{"id":372,"date":"2026-01-13T09:09:50","date_gmt":"2026-01-13T08:09:50","guid":{"rendered":"https:\/\/actionmall.act.at\/shop\/2025\/?post_type=product&#038;p=372"},"modified":"2026-01-13T09:09:50","modified_gmt":"2026-01-13T08:09:50","slug":"christbaum-dekor","status":"publish","type":"product","link":"https:\/\/actionmall.act.at\/shop\/2025\/produkt\/christbaum-dekor\/","title":{"rendered":"Christbaum &#8222;Dekor&#8220;"},"content":{"rendered":"<p>Ein gr\u00fcner Dekochristbaum bringt festliche Stimmung in jeden Raum. Mit seinem nat\u00fcrlich wirkenden Nadelkleid und der satten, lebendigen Farbe sorgt er f\u00fcr weihnachtliches Flair, ganz ohne Nadeln zu verlieren. Ob auf dem Tisch, im Fenster oder als Blickfang im Eingangsbereich \u2013 dieser pflegeleichte Baum ist vielseitig einsetzbar und ideal f\u00fcr eine stilvolle, nachhaltige Weihnachtsdekoration.<\/p>\n","protected":false},"excerpt":{"rendered":"<p>Ein gr\u00fcner Dekochristbaum bringt festliche Stimmung in jeden Raum. Mit seinem nat\u00fcrlich wirkenden Nadelkleid und der satten, lebendigen Farbe sorgt er f\u00fcr weihnachtliches Flair, ganz ohne Nadeln zu verlieren. Ob auf dem Tisch, im Fenster oder als Blickfang im Eingangsbereich \u2013 dieser pflegeleichte Baum ist vielseitig einsetzbar und ideal f\u00fcr eine stilvolle, nachhaltige Weihnachtsdekoration.<\/p>\n","protected":false},"featured_media":373,"template":"","meta":[],"product_cat":[],"product_tag":[],"class_list":{"0":"post-372","1":"product","2":"type-product","3":"status-publish","4":"has-post-thumbnail","7":"first","8":"instock","9":"taxable","10":"shipping-taxable","11":"purchasable","12":"product-type-simple"},"_links":{"self":[{"href":"https:\/\/actionmall.act.at\/shop\/2025\/wp-json\/wp\/v2\/product\/372"}],"collection":[{"href":"https:\/\/actionmall.act.at\/shop\/2025\/wp-json\/wp\/v2\/product"}],"about":[{"href":"https:\/\/actionmall.act.at\/shop\/2025\/wp-json\/wp\/v2\/types\/product"}],"wp:featuredmedia":[{"embeddable":true,"href":"https:\/\/actionmall.act.at\/shop\/2025\/wp-json\/wp\/v2\/media\/373"}],"wp:attachment":[{"href":"https:\/\/actionmall.act.at\/shop\/2025\/wp-json\/wp\/v2\/media?parent=372"}],"wp:term":[{"taxonomy":"product_cat","embeddable":true,"href":"https:\/\/actionmall.act.at\/shop\/2025\/wp-json\/wp\/v2\/product_cat?post=372"},{"taxonomy":"product_tag","embeddable":true,"href":"https:\/\/actionmall.act.at\/shop\/2025\/wp-json\/wp\/v2\/product_tag?post=372"}],"curies":[{"name":"wp","href":"https:\/\/api.w.org\/{rel}","templated":true}]}}