{"id":262,"date":"2024-12-05T15:43:31","date_gmt":"2024-12-05T14:43:31","guid":{"rendered":"https:\/\/actionmall.act.at\/shop\/2256\/?post_type=product&#038;p=262"},"modified":"2026-03-23T13:03:10","modified_gmt":"2026-03-23T12:03:10","slug":"granola-muesli-mit-vollmilchschokolade","status":"publish","type":"product","link":"https:\/\/actionmall.act.at\/shop\/2256\/produkt\/granola-muesli-mit-vollmilchschokolade\/","title":{"rendered":"Granola M\u00fcsli"},"content":{"rendered":"<div>Zutaten:<\/div>\n<div>Vollkornhafer, Zucker, nachhaltiges Palm\u00f6l, Schokoladenst\u00fccke, Milchfett, Weizenmehl, Haseln\u00fcsse, getrocknete Kokosnuss<\/div>\n<div>\n<div>Aufbewahrungs- und Verwendungshinweise:<\/div>\n<div class=\"margin-bottom\">K\u00fchl und trocken lagern<\/div>\n<div>Enth\u00e4lt:<\/div>\n<div>N\u00fcsse, Milch, Gerste und Gerstenerzeugnisse, Soja, Glutenhaltiges Getreide und glutenhaltige Getreideerzeugnisse, Haselnuss, Weizen und Weizenerzeugnisse<\/div>\n<\/div>\n","protected":false},"excerpt":{"rendered":"<p>Zutaten: Vollkornhafer, Zucker, nachhaltiges Palm\u00f6l, Schokoladenst\u00fccke, Milchfett, Weizenmehl, Haseln\u00fcsse, getrocknete Kokosnuss Aufbewahrungs- und Verwendungshinweise: K\u00fchl und trocken lagern Enth\u00e4lt: N\u00fcsse, Milch, Gerste und Gerstenerzeugnisse, Soja, Glutenhaltiges Getreide und glutenhaltige Getreideerzeugnisse, Haselnuss, Weizen und Weizenerzeugnisse<\/p>\n","protected":false},"featured_media":275,"template":"","meta":[],"product_cat":[44],"product_tag":[],"class_list":{"0":"post-262","1":"product","2":"type-product","3":"status-publish","4":"has-post-thumbnail","6":"product_cat-essen-und-trinken","8":"first","9":"instock","10":"taxable","11":"shipping-taxable","12":"purchasable","13":"product-type-simple"},"_links":{"self":[{"href":"https:\/\/actionmall.act.at\/shop\/2256\/wp-json\/wp\/v2\/product\/262"}],"collection":[{"href":"https:\/\/actionmall.act.at\/shop\/2256\/wp-json\/wp\/v2\/product"}],"about":[{"href":"https:\/\/actionmall.act.at\/shop\/2256\/wp-json\/wp\/v2\/types\/product"}],"wp:featuredmedia":[{"embeddable":true,"href":"https:\/\/actionmall.act.at\/shop\/2256\/wp-json\/wp\/v2\/media\/275"}],"wp:attachment":[{"href":"https:\/\/actionmall.act.at\/shop\/2256\/wp-json\/wp\/v2\/media?parent=262"}],"wp:term":[{"taxonomy":"product_cat","embeddable":true,"href":"https:\/\/actionmall.act.at\/shop\/2256\/wp-json\/wp\/v2\/product_cat?post=262"},{"taxonomy":"product_tag","embeddable":true,"href":"https:\/\/actionmall.act.at\/shop\/2256\/wp-json\/wp\/v2\/product_tag?post=262"}],"curies":[{"name":"wp","href":"https:\/\/api.w.org\/{rel}","templated":true}]}}