{"id":300,"date":"2024-12-19T15:14:17","date_gmt":"2024-12-19T14:14:17","guid":{"rendered":"https:\/\/actionmall.act.at\/shop\/2256\/?post_type=product&#038;p=300"},"modified":"2026-03-23T13:00:10","modified_gmt":"2026-03-23T12:00:10","slug":"schokobaer-mit-herz","status":"publish","type":"product","link":"https:\/\/actionmall.act.at\/shop\/2256\/produkt\/schokobaer-mit-herz\/","title":{"rendered":"Schokob\u00e4r mit Herz"},"content":{"rendered":"<p>Schokoladenb\u00e4r aus feinster Vollmilch Kuvert\u00fcre mit einem Marzipan Herz<br \/>\n<span class=\"a-list-item\">Der niedliche Teddy mit Herz sagt mehr als 1000 Worte, das perfekte Schokoladen-Geschenk f\u00fcr Ihre Liebsten<\/span><\/p>\n<p><span class=\"a-list-item\">Exklusive Schokoladenrezeptur mit 35% Kakaogehalt &#8211; hergestellt in Handarbeit in der Schokoladen-Manufaktur von Chocart\u00a0 \u00a0 \u00a0 \u00a0 \u00a0 \u00a0 \u00a0 \u00a0 \u00a0 \u00a0 \u00a0 \u00a0 \u00a0 \u00a0 \u00a0 \u00a0 \u00a0 \u00a0 \u00a0 \u00a0 \u00a0 \u00a0 \u00a0 \u00a0 \u00a0 \u00a0 \u00a0 \u00a0 \u00a0 \u00a0 \u00a0 \u00a0 \u00a0 \u00a0 \u00a0 \u00a0 \u00a0 \u00a0 \u00a0 \u00a0 \u00a0 \u00a0 \u00a0 \u00a0 \u00a0 \u00a0 \u00a0 <\/span><span class=\"a-list-item\">Abmessungen: 14,5 cm breit x 10,5 cm hoch x 7,5 cm tief &#8211; Gewicht: 200 Gramm<br \/>\n<\/span><\/p>\n","protected":false},"excerpt":{"rendered":"<p>Schokoladenb\u00e4r aus feinster Vollmilch Kuvert\u00fcre mit einem Marzipan Herz Der niedliche Teddy mit Herz sagt mehr als 1000 Worte, das perfekte Schokoladen-Geschenk f\u00fcr Ihre Liebsten Exklusive Schokoladenrezeptur mit 35% Kakaogehalt &#8211; hergestellt in Handarbeit in der Schokoladen-Manufaktur von Chocart\u00a0 \u00a0 \u00a0 \u00a0 \u00a0 \u00a0 \u00a0 \u00a0 \u00a0 \u00a0 \u00a0 \u00a0 \u00a0 \u00a0 \u00a0 \u00a0 \u00a0 [&hellip;]<\/p>\n","protected":false},"featured_media":391,"template":"","meta":[],"product_cat":[44],"product_tag":[],"class_list":{"0":"post-300","1":"product","2":"type-product","3":"status-publish","4":"has-post-thumbnail","6":"product_cat-essen-und-trinken","8":"first","9":"instock","10":"taxable","11":"shipping-taxable","12":"purchasable","13":"product-type-simple"},"_links":{"self":[{"href":"https:\/\/actionmall.act.at\/shop\/2256\/wp-json\/wp\/v2\/product\/300"}],"collection":[{"href":"https:\/\/actionmall.act.at\/shop\/2256\/wp-json\/wp\/v2\/product"}],"about":[{"href":"https:\/\/actionmall.act.at\/shop\/2256\/wp-json\/wp\/v2\/types\/product"}],"wp:featuredmedia":[{"embeddable":true,"href":"https:\/\/actionmall.act.at\/shop\/2256\/wp-json\/wp\/v2\/media\/391"}],"wp:attachment":[{"href":"https:\/\/actionmall.act.at\/shop\/2256\/wp-json\/wp\/v2\/media?parent=300"}],"wp:term":[{"taxonomy":"product_cat","embeddable":true,"href":"https:\/\/actionmall.act.at\/shop\/2256\/wp-json\/wp\/v2\/product_cat?post=300"},{"taxonomy":"product_tag","embeddable":true,"href":"https:\/\/actionmall.act.at\/shop\/2256\/wp-json\/wp\/v2\/product_tag?post=300"}],"curies":[{"name":"wp","href":"https:\/\/api.w.org\/{rel}","templated":true}]}}