{"id":375,"date":"2025-11-10T12:37:52","date_gmt":"2025-11-10T11:37:52","guid":{"rendered":"https:\/\/actionmall.act.at\/shop\/2256\/?post_type=product&#038;p=375"},"modified":"2026-03-23T12:59:36","modified_gmt":"2026-03-23T11:59:36","slug":"adventskalendar-mit-edler-schokolade-2","status":"publish","type":"product","link":"https:\/\/actionmall.act.at\/shop\/2256\/produkt\/adventskalendar-mit-edler-schokolade-2\/","title":{"rendered":"Adventskalender mit Edler Schokolade"},"content":{"rendered":"<article class=\"text-token-text-primary w-full focus:outline-none [--shadow-height:45px] has-data-writing-block:pointer-events-none has-data-writing-block:-mt-(--shadow-height) has-data-writing-block:pt-(--shadow-height) [&#038;:has([data-writing-block])>*]:pointer-events-auto [content-visibility:auto] supports-[content-visibility:auto]:[contain-intrinsic-size:auto_100lvh] scroll-mt-[calc(var(&#8211;header-height)+min(200px,max(70px,20svh)))]&#8220; dir=&#8220;auto&#8220; data-turn-id=&#8220;request-WEB:9dcefaa9-6266-4d64-9d2e-8125e37931b3-1&#8243; data-testid=&#8220;conversation-turn-4&#8243; data-scroll-anchor=&#8220;true&#8220; data-turn=&#8220;assistant&#8220;><\/p>\n<div class=\"text-base my-auto mx-auto pb-10 [--thread-content-margin:--spacing(4)] thread-sm:[--thread-content-margin:--spacing(6)] thread-lg:[--thread-content-margin:--spacing(16)] px-(--thread-content-margin)\">\n<div class=\"[--thread-content-max-width:40rem] thread-lg:[--thread-content-max-width:48rem] mx-auto max-w-(--thread-content-max-width) flex-1 group\/turn-messages focus-visible:outline-hidden relative flex w-full min-w-0 flex-col agent-turn\">\n<div class=\"flex max-w-full flex-col grow\">\n<div class=\"min-h-8 text-message relative flex w-full flex-col items-end gap-2 text-start break-words whitespace-normal [.text-message+&#038;]:mt-1\" dir=\"auto\" data-message-author-role=\"assistant\" data-message-id=\"d5de50dc-99d8-4546-802d-a952b7e136ca\" data-message-model-slug=\"gpt-5\">\n<div class=\"flex w-full flex-col gap-1 empty:hidden first:pt-[1px]\">\n<div class=\"markdown prose dark:prose-invert w-full break-words light markdown-new-styling\">\n<p data-start=\"64\" data-end=\"675\" data-is-last-node=\"\" data-is-only-node=\"\">Machen Sie die Adventszeit noch magischer mit unserem Adventskalender! Hinter jedem T\u00fcrchen verbirgt sich eine liebevoll ausgew\u00e4hlte \u00dcberraschung, bei denen verschiedene Schokoladensorten zusammen kommen\u2013 perfekt, um die Vorfreude auf Weihnachten zu steigern. Egal ob f\u00fcr Kinder, Erwachsene oder als besonderes Geschenk f\u00fcr Freunde und Familie, dieser Adventskalender sorgt f\u00fcr einen t\u00e4glichen kleinen Genussmoment. Mit hochwertiger Gestaltung und einer Mischung aus verschiedenen Schokoladensorten vers\u00fc\u00dfen Sie sich, wortw\u00f6rtlich, Ihre Vor- Weihnachtszeit. Lassen Sie sich jeden Tag \u00fcberraschen und genie\u00dfen Sie die besinnliche Zeit des Wartens! Verpassen Sie nichts, und besorgen Sie sich jetzt unseren Adventskalendar, der nur f\u00fcr kurze Zeit erh\u00e4ltlich ist.<\/p>\n<p data-start=\"64\" data-end=\"675\" data-is-last-node=\"\" data-is-only-node=\"\">In dem Adventskalendar sind folgende Sorten vorhanden: Karamell-Tr\u00fcffel, Edelbitter- Ganache 70%, Haselnuss, Nougat Praline, Marzipan -Pistazie, Wei\u00dfer Kaffee-Traum, Chili-Zartbitter-Herz, Mandel- Krokant-Praline, Champagner-Tr\u00fcffel, Vanille- Crunch, Orange- Zimt, Giandaju-Blatt, Waldbeeren-Jopghurt, Dunkle Meersalz- Tafel, Tiramisu-Taler, Kokos-Rum-Praline, Pekanuss-Ahorn, Passionsfrucht- Ganache, Mokka-Bohne, Wei\u00dfe Nougat-Praline, Earl Grey Tr\u00fcffel, Walnuss-Marzipan, Braune Butter Praline, Macademia-Karamell, Picasso&#8217;s Goldkuss<\/p>\n<\/div>\n<\/div>\n<\/div>\n<div class=\"min-h-8 text-message relative flex w-full flex-col items-end gap-2 text-start break-words whitespace-normal [.text-message+&#038;]:mt-1\" dir=\"auto\" data-message-author-role=\"assistant\" data-message-id=\"d5de50dc-99d8-4546-802d-a952b7e136ca\" data-message-model-slug=\"gpt-5\">\n<div class=\"flex w-full flex-col gap-1 empty:hidden first:pt-[1px]\">\n<div class=\"markdown prose dark:prose-invert w-full break-words light markdown-new-styling\">\n<p data-start=\"64\" data-end=\"675\" data-is-last-node=\"\" data-is-only-node=\"\">\n<\/div>\n<\/div>\n<\/div>\n<\/div>\n<div class=\"z-0 flex min-h-[46px] justify-start\"><\/div>\n<\/div>\n<\/div>\n<\/article>\n<div class=\"pointer-events-none h-px w-px\" aria-hidden=\"true\" data-edge=\"true\"><\/div>\n","protected":false},"excerpt":{"rendered":"","protected":false},"featured_media":383,"template":"","meta":[],"product_cat":[44],"product_tag":[],"class_list":{"0":"post-375","1":"product","2":"type-product","3":"status-publish","4":"has-post-thumbnail","6":"product_cat-essen-und-trinken","8":"first","9":"instock","10":"taxable","11":"shipping-taxable","12":"purchasable","13":"product-type-simple"},"_links":{"self":[{"href":"https:\/\/actionmall.act.at\/shop\/2256\/wp-json\/wp\/v2\/product\/375"}],"collection":[{"href":"https:\/\/actionmall.act.at\/shop\/2256\/wp-json\/wp\/v2\/product"}],"about":[{"href":"https:\/\/actionmall.act.at\/shop\/2256\/wp-json\/wp\/v2\/types\/product"}],"wp:featuredmedia":[{"embeddable":true,"href":"https:\/\/actionmall.act.at\/shop\/2256\/wp-json\/wp\/v2\/media\/383"}],"wp:attachment":[{"href":"https:\/\/actionmall.act.at\/shop\/2256\/wp-json\/wp\/v2\/media?parent=375"}],"wp:term":[{"taxonomy":"product_cat","embeddable":true,"href":"https:\/\/actionmall.act.at\/shop\/2256\/wp-json\/wp\/v2\/product_cat?post=375"},{"taxonomy":"product_tag","embeddable":true,"href":"https:\/\/actionmall.act.at\/shop\/2256\/wp-json\/wp\/v2\/product_tag?post=375"}],"curies":[{"name":"wp","href":"https:\/\/api.w.org\/{rel}","templated":true}]}}