{"id":414,"date":"2025-12-15T13:19:37","date_gmt":"2025-12-15T12:19:37","guid":{"rendered":"https:\/\/actionmall.act.at\/shop\/2256\/?post_type=product&#038;p=414"},"modified":"2026-03-23T12:57:56","modified_gmt":"2026-03-23T11:57:56","slug":"herzchoc-pralinen","status":"publish","type":"product","link":"https:\/\/actionmall.act.at\/shop\/2256\/produkt\/herzchoc-pralinen\/","title":{"rendered":"HerzChoc &#8211; Pralinen"},"content":{"rendered":"<p><strong>Allergene:<\/strong><\/p>\n<ol start=\"1\" data-path-to-node=\"10\">\n<li>\n<p data-path-to-node=\"5,0,0\"><b>Milch<\/b> (in Milchschokolade, Vollmilchpulver, Sahne in der F\u00fcllung)<\/p>\n<\/li>\n<li>\n<p data-path-to-node=\"5,1,0\"><b>Soja<\/b> (als Emulgator, Sojalecithin)<\/p>\n<\/li>\n<li>\n<p data-path-to-node=\"5,2,0\"><b>Schalenfr\u00fcchte<\/b> (N\u00fcsse: Haseln\u00fcsse, Mandeln, Waln\u00fcsse etc. in F\u00fcllungen und Dekorationen)<\/p>\n<\/li>\n<li>\n<p data-path-to-node=\"5,3,0\"><b>Glutenhaltiges Getreide<\/b> (Spuren oder als Zutat in Keks- oder Waffelf\u00fcllungen)<\/p>\n<\/li>\n<li>\n<p data-path-to-node=\"5,4,0\"><b>Eier<\/b> (gelegentlich in manchen F\u00fcllungen)<\/p>\n<\/li>\n<li>\n<p data-path-to-node=\"10,0,0\"><b>Schokolade:<\/b> Kakaomasse, Zucker, Kakaobutter, <b>Vollmilchpulver<\/b> ( <b>Magermilchpulver<\/b>), Vanille.<\/p>\n<\/li>\n<li>\n<p data-path-to-node=\"10,1,0\"><b>Ganache\/F\u00fcllung:<\/b> <b>Sahne<\/b> , Glukosesirup, Zucker, Aromen, Alkohol (in manchen Sorten).<\/p>\n<\/li>\n<li>\n<p data-path-to-node=\"10,2,0\"><b>Emulgator:<\/b> Lecithine (<b>Sojalecithin<\/b>).<\/p>\n<\/li>\n<\/ol>\n<h3 data-path-to-node=\"11\"><b>Zutaten basierend\u00a0<\/b><\/h3>\n<ul data-path-to-node=\"13\">\n<li>\n<p data-path-to-node=\"13,0,0\"><b>Krokant:<\/b> Zucker und gehackte <b>N\u00fcsse<\/b>.<\/p>\n<\/li>\n<li>\n<p data-path-to-node=\"13,1,0\"><b>Lik\u00f6r\/Spirituosen:<\/b> Rum, Eierlik\u00f6r, Weinbrand.<\/p>\n<\/li>\n<li>\n<p data-path-to-node=\"13,2,0\"><b>Fruchtf\u00fcllungen:<\/b> Konzentrate, Zucker, S\u00e4uerungsmittel.<\/p>\n<\/li>\n<\/ul>\n","protected":false},"excerpt":{"rendered":"<p>Allergene: Milch (in Milchschokolade, Vollmilchpulver, Sahne in der F\u00fcllung) Soja (als Emulgator, Sojalecithin) Schalenfr\u00fcchte (N\u00fcsse: Haseln\u00fcsse, Mandeln, Waln\u00fcsse etc. in F\u00fcllungen und Dekorationen) Glutenhaltiges Getreide (Spuren oder als Zutat in Keks- oder Waffelf\u00fcllungen) Eier (gelegentlich in manchen F\u00fcllungen) Schokolade: Kakaomasse, Zucker, Kakaobutter, Vollmilchpulver ( Magermilchpulver), Vanille. Ganache\/F\u00fcllung: Sahne , Glukosesirup, Zucker, Aromen, Alkohol (in manchen [&hellip;]<\/p>\n","protected":false},"featured_media":415,"template":"","meta":[],"product_cat":[44],"product_tag":[],"class_list":{"0":"post-414","1":"product","2":"type-product","3":"status-publish","4":"has-post-thumbnail","6":"product_cat-essen-und-trinken","8":"first","9":"instock","10":"taxable","11":"shipping-taxable","12":"purchasable","13":"product-type-simple"},"_links":{"self":[{"href":"https:\/\/actionmall.act.at\/shop\/2256\/wp-json\/wp\/v2\/product\/414"}],"collection":[{"href":"https:\/\/actionmall.act.at\/shop\/2256\/wp-json\/wp\/v2\/product"}],"about":[{"href":"https:\/\/actionmall.act.at\/shop\/2256\/wp-json\/wp\/v2\/types\/product"}],"wp:featuredmedia":[{"embeddable":true,"href":"https:\/\/actionmall.act.at\/shop\/2256\/wp-json\/wp\/v2\/media\/415"}],"wp:attachment":[{"href":"https:\/\/actionmall.act.at\/shop\/2256\/wp-json\/wp\/v2\/media?parent=414"}],"wp:term":[{"taxonomy":"product_cat","embeddable":true,"href":"https:\/\/actionmall.act.at\/shop\/2256\/wp-json\/wp\/v2\/product_cat?post=414"},{"taxonomy":"product_tag","embeddable":true,"href":"https:\/\/actionmall.act.at\/shop\/2256\/wp-json\/wp\/v2\/product_tag?post=414"}],"curies":[{"name":"wp","href":"https:\/\/api.w.org\/{rel}","templated":true}]}}