{"id":353,"date":"2025-11-25T10:11:27","date_gmt":"2025-11-25T09:11:27","guid":{"rendered":"https:\/\/actionmall.act.at\/shop\/2358\/?post_type=product&#038;p=353"},"modified":"2025-11-25T10:12:38","modified_gmt":"2025-11-25T09:12:38","slug":"poster-wintersport-in-oesterreich","status":"publish","type":"product","link":"https:\/\/actionmall.act.at\/shop\/2358\/produkt\/poster-wintersport-in-oesterreich\/","title":{"rendered":"Poster &#8222;Wintersport in \u00d6sterreich&#8220;"},"content":{"rendered":"<p>Dieses hochwertige Poster-Set umfasst vier nostalgische \u00d6sterreich-Reiseposter im klassischen Vintage-Design. Die Motive zeigen ikonische Wintersportszenen, elegante Skifahrer<em data-start=\"272\" data-end=\"577\">innen, alpine Landschaften und historische Seilbahnen \u2013 inspiriert vom Stil der 1930er bis 1950er Jahre. Die kr\u00e4ftigen Farben und klaren Formen verleihen jedem Raum eine stilvolle Retro-Atmosph\u00e4re. Ideal zur Dekoration von Wohnzimmer, B\u00fcro, Ferienwohnung oder als Geschenk f\u00fcr Alpen- und Designliebhaber<\/em>innen.<\/p>\n","protected":false},"excerpt":{"rendered":"<p>Dieses hochwertige Poster-Set umfasst vier nostalgische \u00d6sterreich-Reiseposter im klassischen Vintage-Design. Die Motive zeigen ikonische Wintersportszenen, elegante Skifahrerinnen, alpine Landschaften und historische Seilbahnen \u2013 inspiriert vom Stil der 1930er bis 1950er Jahre. Die kr\u00e4ftigen Farben und klaren Formen verleihen jedem Raum eine stilvolle Retro-Atmosph\u00e4re. Ideal zur Dekoration von Wohnzimmer, B\u00fcro, Ferienwohnung oder als Geschenk f\u00fcr Alpen- [&hellip;]<\/p>\n","protected":false},"featured_media":356,"template":"","meta":[],"product_cat":[],"product_tag":[],"class_list":{"0":"post-353","1":"product","2":"type-product","3":"status-publish","4":"has-post-thumbnail","7":"first","8":"instock","9":"taxable","10":"shipping-taxable","11":"purchasable","12":"product-type-simple"},"_links":{"self":[{"href":"https:\/\/actionmall.act.at\/shop\/2358\/wp-json\/wp\/v2\/product\/353"}],"collection":[{"href":"https:\/\/actionmall.act.at\/shop\/2358\/wp-json\/wp\/v2\/product"}],"about":[{"href":"https:\/\/actionmall.act.at\/shop\/2358\/wp-json\/wp\/v2\/types\/product"}],"wp:featuredmedia":[{"embeddable":true,"href":"https:\/\/actionmall.act.at\/shop\/2358\/wp-json\/wp\/v2\/media\/356"}],"wp:attachment":[{"href":"https:\/\/actionmall.act.at\/shop\/2358\/wp-json\/wp\/v2\/media?parent=353"}],"wp:term":[{"taxonomy":"product_cat","embeddable":true,"href":"https:\/\/actionmall.act.at\/shop\/2358\/wp-json\/wp\/v2\/product_cat?post=353"},{"taxonomy":"product_tag","embeddable":true,"href":"https:\/\/actionmall.act.at\/shop\/2358\/wp-json\/wp\/v2\/product_tag?post=353"}],"curies":[{"name":"wp","href":"https:\/\/api.w.org\/{rel}","templated":true}]}}