{"id":362,"date":"2025-11-25T11:07:29","date_gmt":"2025-11-25T10:07:29","guid":{"rendered":"https:\/\/actionmall.act.at\/shop\/2358\/?post_type=product&#038;p=362"},"modified":"2025-11-25T11:07:29","modified_gmt":"2025-11-25T10:07:29","slug":"eishockey-socken","status":"publish","type":"product","link":"https:\/\/actionmall.act.at\/shop\/2358\/produkt\/eishockey-socken\/","title":{"rendered":"Eishockey &#8222;Socken&#8220;"},"content":{"rendered":"<p><span data-teams=\"true\"><strong>\u201eEishockey-Socken\u201c<\/strong> bieten festen Halt, W\u00e4rme und Strapazierf\u00e4higkeit auf dem Eis. Ihr robustes Material sch\u00fctzt vor Reibung, w\u00e4hrend elastische Zonen sicheren Sitz und Bewegungsfreiheit garantieren. Praktisch, funktional und gemacht f\u00fcr schnelle, intensive Spielmomente.<\/span><\/p>\n","protected":false},"excerpt":{"rendered":"<p>\u201eEishockey-Socken\u201c bieten festen Halt, W\u00e4rme und Strapazierf\u00e4higkeit auf dem Eis. Ihr robustes Material sch\u00fctzt vor Reibung, w\u00e4hrend elastische Zonen sicheren Sitz und Bewegungsfreiheit garantieren. Praktisch, funktional und gemacht f\u00fcr schnelle, intensive Spielmomente.<\/p>\n","protected":false},"featured_media":363,"template":"","meta":[],"product_cat":[],"product_tag":[],"class_list":{"0":"post-362","1":"product","2":"type-product","3":"status-publish","4":"has-post-thumbnail","7":"first","8":"instock","9":"taxable","10":"shipping-taxable","11":"purchasable","12":"product-type-simple"},"_links":{"self":[{"href":"https:\/\/actionmall.act.at\/shop\/2358\/wp-json\/wp\/v2\/product\/362"}],"collection":[{"href":"https:\/\/actionmall.act.at\/shop\/2358\/wp-json\/wp\/v2\/product"}],"about":[{"href":"https:\/\/actionmall.act.at\/shop\/2358\/wp-json\/wp\/v2\/types\/product"}],"wp:featuredmedia":[{"embeddable":true,"href":"https:\/\/actionmall.act.at\/shop\/2358\/wp-json\/wp\/v2\/media\/363"}],"wp:attachment":[{"href":"https:\/\/actionmall.act.at\/shop\/2358\/wp-json\/wp\/v2\/media?parent=362"}],"wp:term":[{"taxonomy":"product_cat","embeddable":true,"href":"https:\/\/actionmall.act.at\/shop\/2358\/wp-json\/wp\/v2\/product_cat?post=362"},{"taxonomy":"product_tag","embeddable":true,"href":"https:\/\/actionmall.act.at\/shop\/2358\/wp-json\/wp\/v2\/product_tag?post=362"}],"curies":[{"name":"wp","href":"https:\/\/api.w.org\/{rel}","templated":true}]}}