{"id":377,"date":"2025-12-09T11:19:48","date_gmt":"2025-12-09T10:19:48","guid":{"rendered":"https:\/\/actionmall.act.at\/shop\/2358\/?post_type=product&#038;p=377"},"modified":"2025-12-09T11:20:01","modified_gmt":"2025-12-09T10:20:01","slug":"gluecksshirt-marienkaefer","status":"publish","type":"product","link":"https:\/\/actionmall.act.at\/shop\/2358\/produkt\/gluecksshirt-marienkaefer\/","title":{"rendered":"Gl\u00fccksshirt &#8222;Marienk\u00e4fer&#8220;"},"content":{"rendered":"<p>Ein verspieltes Marienk\u00e4fer-Shirt, das mit seinem fr\u00f6hlichen Punktedesign sofort gute Laune macht. Aus weicher, atmungsaktiver Baumwolle gefertigt, bietet es angenehmen Tragekomfort und bringt mit dem liebevollen K\u00e4fer-Motiv einen charmanten, nat\u00fcrlichen Look in jedes Outfit \u2013 perfekt f\u00fcr Fr\u00fchling, Sommer und alle, die farbenfrohe Details lieben.<\/p>\n","protected":false},"excerpt":{"rendered":"<p>Ein verspieltes Marienk\u00e4fer-Shirt, das mit seinem fr\u00f6hlichen Punktedesign sofort gute Laune macht. Aus weicher, atmungsaktiver Baumwolle gefertigt, bietet es angenehmen Tragekomfort und bringt mit dem liebevollen K\u00e4fer-Motiv einen charmanten, nat\u00fcrlichen Look in jedes Outfit \u2013 perfekt f\u00fcr Fr\u00fchling, Sommer und alle, die farbenfrohe Details lieben.<\/p>\n","protected":false},"featured_media":378,"template":"","meta":[],"product_cat":[],"product_tag":[],"class_list":{"0":"post-377","1":"product","2":"type-product","3":"status-publish","4":"has-post-thumbnail","7":"first","8":"instock","9":"taxable","10":"shipping-taxable","11":"purchasable","12":"product-type-simple"},"_links":{"self":[{"href":"https:\/\/actionmall.act.at\/shop\/2358\/wp-json\/wp\/v2\/product\/377"}],"collection":[{"href":"https:\/\/actionmall.act.at\/shop\/2358\/wp-json\/wp\/v2\/product"}],"about":[{"href":"https:\/\/actionmall.act.at\/shop\/2358\/wp-json\/wp\/v2\/types\/product"}],"wp:featuredmedia":[{"embeddable":true,"href":"https:\/\/actionmall.act.at\/shop\/2358\/wp-json\/wp\/v2\/media\/378"}],"wp:attachment":[{"href":"https:\/\/actionmall.act.at\/shop\/2358\/wp-json\/wp\/v2\/media?parent=377"}],"wp:term":[{"taxonomy":"product_cat","embeddable":true,"href":"https:\/\/actionmall.act.at\/shop\/2358\/wp-json\/wp\/v2\/product_cat?post=377"},{"taxonomy":"product_tag","embeddable":true,"href":"https:\/\/actionmall.act.at\/shop\/2358\/wp-json\/wp\/v2\/product_tag?post=377"}],"curies":[{"name":"wp","href":"https:\/\/api.w.org\/{rel}","templated":true}]}}