{"id":448,"date":"2026-03-03T10:18:43","date_gmt":"2026-03-03T09:18:43","guid":{"rendered":"https:\/\/actionmall.act.at\/shop\/2358\/?post_type=product&#038;p=448"},"modified":"2026-03-03T10:18:43","modified_gmt":"2026-03-03T09:18:43","slug":"porzellanosterhase-basketballspieler","status":"publish","type":"product","link":"https:\/\/actionmall.act.at\/shop\/2358\/produkt\/porzellanosterhase-basketballspieler\/","title":{"rendered":"Porzellanosterhase &#8222;Basketballspieler&#8220;"},"content":{"rendered":"<p lang=\"de\" style=\"margin: 0in;font-family: Calibri;font-size: 14.0pt;color: black\">Dekorativer Osterhase aus hochwertigem Porzellan mit liebevollen Details und sportlichem Motiv.<\/p>\n<p lang=\"de\" style=\"margin: 0in;font-family: Calibri;font-size: 14.0pt;color: black\">Die gl\u00e4nzende Oberfl\u00e4che und die sorgf\u00e4ltige Verarbeitung machen ihn zu einem besonderen Blickfang f\u00fcr die Osterdekoration.<\/p>\n<p lang=\"de\" style=\"margin: 0in;font-family: Calibri;font-size: 14.0pt;color: black\">Ideal als Geschenk oder zur dekorativen Gestaltung von Wohn- und Gesch\u00e4ftsr\u00e4umen w\u00e4hrend der Osterzeit.<\/p>\n","protected":false},"excerpt":{"rendered":"<p>Dekorativer Osterhase aus hochwertigem Porzellan mit liebevollen Details und sportlichem Motiv. Die gl\u00e4nzende Oberfl\u00e4che und die sorgf\u00e4ltige Verarbeitung machen ihn zu einem besonderen Blickfang f\u00fcr die Osterdekoration. Ideal als Geschenk oder zur dekorativen Gestaltung von Wohn- und Gesch\u00e4ftsr\u00e4umen w\u00e4hrend der Osterzeit.<\/p>\n","protected":false},"featured_media":449,"template":"","meta":[],"product_cat":[47],"product_tag":[],"class_list":{"0":"post-448","1":"product","2":"type-product","3":"status-publish","4":"has-post-thumbnail","6":"product_cat-buero-und-bueroeinrichtung","8":"first","9":"instock","10":"taxable","11":"shipping-taxable","12":"purchasable","13":"product-type-simple"},"_links":{"self":[{"href":"https:\/\/actionmall.act.at\/shop\/2358\/wp-json\/wp\/v2\/product\/448"}],"collection":[{"href":"https:\/\/actionmall.act.at\/shop\/2358\/wp-json\/wp\/v2\/product"}],"about":[{"href":"https:\/\/actionmall.act.at\/shop\/2358\/wp-json\/wp\/v2\/types\/product"}],"wp:featuredmedia":[{"embeddable":true,"href":"https:\/\/actionmall.act.at\/shop\/2358\/wp-json\/wp\/v2\/media\/449"}],"wp:attachment":[{"href":"https:\/\/actionmall.act.at\/shop\/2358\/wp-json\/wp\/v2\/media?parent=448"}],"wp:term":[{"taxonomy":"product_cat","embeddable":true,"href":"https:\/\/actionmall.act.at\/shop\/2358\/wp-json\/wp\/v2\/product_cat?post=448"},{"taxonomy":"product_tag","embeddable":true,"href":"https:\/\/actionmall.act.at\/shop\/2358\/wp-json\/wp\/v2\/product_tag?post=448"}],"curies":[{"name":"wp","href":"https:\/\/api.w.org\/{rel}","templated":true}]}}