{"id":302,"date":"2024-11-08T12:38:24","date_gmt":"2024-11-08T11:38:24","guid":{"rendered":"https:\/\/actionmall.act.at\/shop\/244\/?post_type=product&#038;p=302"},"modified":"2024-11-08T12:38:24","modified_gmt":"2024-11-08T11:38:24","slug":"elho-blumentopf-brussels","status":"publish","type":"product","link":"https:\/\/actionmall.act.at\/shop\/244\/produkt\/elho-blumentopf-brussels\/","title":{"rendered":"Elho Blumentopf Brussels"},"content":{"rendered":"<p><strong><em>Gr\u00f6\u00dfe:<\/em><\/strong> Rund 18 cm<\/p>\n<p><strong><em>Farbe:<\/em><\/strong> Grau<\/p>\n<ul>\n<li>Langlebiger Kunststoff<\/li>\n<li>Zeichnet sich durch bruchsicheres Material aus<\/li>\n<li>Ideal geeignet f\u00fcr die Dekoration im Innenbereich<\/li>\n<\/ul>\n","protected":false},"excerpt":{"rendered":"<p>Gr\u00f6\u00dfe: Rund 18 cm Farbe: Grau Langlebiger Kunststoff Zeichnet sich durch bruchsicheres Material aus Ideal geeignet f\u00fcr die Dekoration im Innenbereich<\/p>\n","protected":false},"featured_media":303,"template":"","meta":[],"product_cat":[],"product_tag":[],"class_list":{"0":"post-302","1":"product","2":"type-product","3":"status-publish","4":"has-post-thumbnail","7":"first","8":"instock","9":"taxable","10":"shipping-taxable","11":"purchasable","12":"product-type-simple"},"_links":{"self":[{"href":"https:\/\/actionmall.act.at\/shop\/244\/wp-json\/wp\/v2\/product\/302"}],"collection":[{"href":"https:\/\/actionmall.act.at\/shop\/244\/wp-json\/wp\/v2\/product"}],"about":[{"href":"https:\/\/actionmall.act.at\/shop\/244\/wp-json\/wp\/v2\/types\/product"}],"wp:featuredmedia":[{"embeddable":true,"href":"https:\/\/actionmall.act.at\/shop\/244\/wp-json\/wp\/v2\/media\/303"}],"wp:attachment":[{"href":"https:\/\/actionmall.act.at\/shop\/244\/wp-json\/wp\/v2\/media?parent=302"}],"wp:term":[{"taxonomy":"product_cat","embeddable":true,"href":"https:\/\/actionmall.act.at\/shop\/244\/wp-json\/wp\/v2\/product_cat?post=302"},{"taxonomy":"product_tag","embeddable":true,"href":"https:\/\/actionmall.act.at\/shop\/244\/wp-json\/wp\/v2\/product_tag?post=302"}],"curies":[{"name":"wp","href":"https:\/\/api.w.org\/{rel}","templated":true}]}}