{"id":329,"date":"2025-03-21T10:45:51","date_gmt":"2025-03-21T09:45:51","guid":{"rendered":"https:\/\/actionmall.act.at\/shop\/244\/?post_type=product&#038;p=329"},"modified":"2025-03-21T11:02:11","modified_gmt":"2025-03-21T10:02:11","slug":"lavendel","status":"publish","type":"product","link":"https:\/\/actionmall.act.at\/shop\/244\/produkt\/lavendel\/","title":{"rendered":"Lavendel"},"content":{"rendered":"<p>Lavendel ist eine pflegeleichte, duftende Pflanze, die nicht nur optisch begeistert, sondern auch Bienen und Schmetterlinge anlockt. Seine lila Bl\u00fcten verstr\u00f6men einen beruhigenden Duft und eignen sich hervorragend zur Herstellung von Dufts\u00e4ckchen oder als nat\u00fcrlicher M\u00fcckenschutz. Ideal f\u00fcr sonnige Standorte mit gut durchl\u00e4ssigem Boden.<\/p>\n","protected":false},"excerpt":{"rendered":"<p>Lavendel ist eine pflegeleichte, duftende Pflanze, die nicht nur optisch begeistert, sondern auch Bienen und Schmetterlinge anlockt. Seine lila Bl\u00fcten verstr\u00f6men einen beruhigenden Duft und eignen sich hervorragend zur Herstellung von Dufts\u00e4ckchen oder als nat\u00fcrlicher M\u00fcckenschutz. Ideal f\u00fcr sonnige Standorte mit gut durchl\u00e4ssigem Boden.<\/p>\n","protected":false},"featured_media":330,"template":"","meta":[],"product_cat":[],"product_tag":[],"class_list":{"0":"post-329","1":"product","2":"type-product","3":"status-publish","4":"has-post-thumbnail","7":"first","8":"instock","9":"taxable","10":"shipping-taxable","11":"purchasable","12":"product-type-simple"},"_links":{"self":[{"href":"https:\/\/actionmall.act.at\/shop\/244\/wp-json\/wp\/v2\/product\/329"}],"collection":[{"href":"https:\/\/actionmall.act.at\/shop\/244\/wp-json\/wp\/v2\/product"}],"about":[{"href":"https:\/\/actionmall.act.at\/shop\/244\/wp-json\/wp\/v2\/types\/product"}],"wp:featuredmedia":[{"embeddable":true,"href":"https:\/\/actionmall.act.at\/shop\/244\/wp-json\/wp\/v2\/media\/330"}],"wp:attachment":[{"href":"https:\/\/actionmall.act.at\/shop\/244\/wp-json\/wp\/v2\/media?parent=329"}],"wp:term":[{"taxonomy":"product_cat","embeddable":true,"href":"https:\/\/actionmall.act.at\/shop\/244\/wp-json\/wp\/v2\/product_cat?post=329"},{"taxonomy":"product_tag","embeddable":true,"href":"https:\/\/actionmall.act.at\/shop\/244\/wp-json\/wp\/v2\/product_tag?post=329"}],"curies":[{"name":"wp","href":"https:\/\/api.w.org\/{rel}","templated":true}]}}