{"id":334,"date":"2025-03-21T10:49:18","date_gmt":"2025-03-21T09:49:18","guid":{"rendered":"https:\/\/actionmall.act.at\/shop\/244\/?post_type=product&#038;p=334"},"modified":"2025-03-21T11:02:36","modified_gmt":"2025-03-21T10:02:36","slug":"hibiskus","status":"publish","type":"product","link":"https:\/\/actionmall.act.at\/shop\/244\/produkt\/hibiskus\/","title":{"rendered":"Hibiskus"},"content":{"rendered":"<p>Der <strong>Hibiskus <\/strong>ist ein dekorativer, sommerbl\u00fchender Strauch mit gro\u00dfen, leuchtend violett-blauen Bl\u00fcten und rotem Zentrum. Er ist winterhart, pflegeleicht und ideal f\u00fcr G\u00e4rten oder K\u00fcbel. Mit seiner langen Bl\u00fctezeit von Juli bis September zieht er Bienen und Schmetterlinge an und sorgt f\u00fcr ein exotisches Flair.<\/p>\n","protected":false},"excerpt":{"rendered":"<p>Der Hibiskus ist ein dekorativer, sommerbl\u00fchender Strauch mit gro\u00dfen, leuchtend violett-blauen Bl\u00fcten und rotem Zentrum. Er ist winterhart, pflegeleicht und ideal f\u00fcr G\u00e4rten oder K\u00fcbel. Mit seiner langen Bl\u00fctezeit von Juli bis September zieht er Bienen und Schmetterlinge an und sorgt f\u00fcr ein exotisches Flair.<\/p>\n","protected":false},"featured_media":338,"template":"","meta":[],"product_cat":[],"product_tag":[],"class_list":{"0":"post-334","1":"product","2":"type-product","3":"status-publish","4":"has-post-thumbnail","7":"first","8":"instock","9":"taxable","10":"shipping-taxable","11":"purchasable","12":"product-type-simple"},"_links":{"self":[{"href":"https:\/\/actionmall.act.at\/shop\/244\/wp-json\/wp\/v2\/product\/334"}],"collection":[{"href":"https:\/\/actionmall.act.at\/shop\/244\/wp-json\/wp\/v2\/product"}],"about":[{"href":"https:\/\/actionmall.act.at\/shop\/244\/wp-json\/wp\/v2\/types\/product"}],"wp:featuredmedia":[{"embeddable":true,"href":"https:\/\/actionmall.act.at\/shop\/244\/wp-json\/wp\/v2\/media\/338"}],"wp:attachment":[{"href":"https:\/\/actionmall.act.at\/shop\/244\/wp-json\/wp\/v2\/media?parent=334"}],"wp:term":[{"taxonomy":"product_cat","embeddable":true,"href":"https:\/\/actionmall.act.at\/shop\/244\/wp-json\/wp\/v2\/product_cat?post=334"},{"taxonomy":"product_tag","embeddable":true,"href":"https:\/\/actionmall.act.at\/shop\/244\/wp-json\/wp\/v2\/product_tag?post=334"}],"curies":[{"name":"wp","href":"https:\/\/api.w.org\/{rel}","templated":true}]}}