{"id":314,"date":"2024-11-20T08:00:46","date_gmt":"2024-11-20T07:00:46","guid":{"rendered":"https:\/\/actionmall.act.at\/shop\/246\/?post_type=product&#038;p=314"},"modified":"2026-02-13T12:16:53","modified_gmt":"2026-02-13T11:16:53","slug":"bio-wolff-finnhaus-saunafass-400-de-luxe","status":"publish","type":"product","link":"https:\/\/actionmall.act.at\/shop\/246\/produkt\/bio-wolff-finnhaus-saunafass-400-de-luxe\/","title":{"rendered":"Bio Wolff Finnhaus Saunafass 400 de luxe"},"content":{"rendered":"<p>Bringt Ihnen Entspannung pur in den eigenen Garten!<br \/>\nWandau\u00dfenma\u00df von \u00d8 235 x 400 cm<br \/>\nBausatz: 440x117x122 cm, 1120 kg<br \/>\nHolzbeheizter Ofen 13 kW inkl. CE Schornstein<\/p>\n","protected":false},"excerpt":{"rendered":"<p>Bringt Ihnen Entspannung pur in den eigenen Garten! Wandau\u00dfenma\u00df von \u00d8 235 x 400 cm Bausatz: 440x117x122 cm, 1120 kg Holzbeheizter Ofen 13 kW inkl. CE Schornstein<\/p>\n","protected":false},"featured_media":555,"template":"","meta":[],"product_cat":[],"product_tag":[],"class_list":{"0":"post-314","1":"product","2":"type-product","3":"status-publish","4":"has-post-thumbnail","7":"first","8":"instock","9":"taxable","10":"shipping-taxable","11":"purchasable","12":"product-type-simple"},"_links":{"self":[{"href":"https:\/\/actionmall.act.at\/shop\/246\/wp-json\/wp\/v2\/product\/314"}],"collection":[{"href":"https:\/\/actionmall.act.at\/shop\/246\/wp-json\/wp\/v2\/product"}],"about":[{"href":"https:\/\/actionmall.act.at\/shop\/246\/wp-json\/wp\/v2\/types\/product"}],"wp:featuredmedia":[{"embeddable":true,"href":"https:\/\/actionmall.act.at\/shop\/246\/wp-json\/wp\/v2\/media\/555"}],"wp:attachment":[{"href":"https:\/\/actionmall.act.at\/shop\/246\/wp-json\/wp\/v2\/media?parent=314"}],"wp:term":[{"taxonomy":"product_cat","embeddable":true,"href":"https:\/\/actionmall.act.at\/shop\/246\/wp-json\/wp\/v2\/product_cat?post=314"},{"taxonomy":"product_tag","embeddable":true,"href":"https:\/\/actionmall.act.at\/shop\/246\/wp-json\/wp\/v2\/product_tag?post=314"}],"curies":[{"name":"wp","href":"https:\/\/api.w.org\/{rel}","templated":true}]}}