{"id":370,"date":"2026-02-04T10:21:16","date_gmt":"2026-02-04T09:21:16","guid":{"rendered":"https:\/\/actionmall.act.at\/shop\/247\/?post_type=product&#038;p=370"},"modified":"2026-02-04T10:22:03","modified_gmt":"2026-02-04T09:22:03","slug":"ac08-01-pinguin-waermflasche","status":"publish","type":"product","link":"https:\/\/actionmall.act.at\/shop\/247\/produkt\/ac08-01-pinguin-waermflasche\/","title":{"rendered":"AC08-01 Pinguin W\u00e4rmflasche"},"content":{"rendered":"<p>W\u00e4rmt angenehm, weich bezogen, ideal f\u00fcr kalte Tage<\/p>\n","protected":false},"excerpt":{"rendered":"<p>W\u00e4rmt angenehm, weich bezogen, ideal f\u00fcr kalte Tage<\/p>\n","protected":false},"featured_media":369,"template":"","meta":[],"product_cat":[],"product_tag":[],"class_list":{"0":"post-370","1":"product","2":"type-product","3":"status-publish","4":"has-post-thumbnail","7":"first","8":"instock","9":"taxable","10":"shipping-taxable","11":"purchasable","12":"product-type-simple"},"_links":{"self":[{"href":"https:\/\/actionmall.act.at\/shop\/247\/wp-json\/wp\/v2\/product\/370"}],"collection":[{"href":"https:\/\/actionmall.act.at\/shop\/247\/wp-json\/wp\/v2\/product"}],"about":[{"href":"https:\/\/actionmall.act.at\/shop\/247\/wp-json\/wp\/v2\/types\/product"}],"wp:featuredmedia":[{"embeddable":true,"href":"https:\/\/actionmall.act.at\/shop\/247\/wp-json\/wp\/v2\/media\/369"}],"wp:attachment":[{"href":"https:\/\/actionmall.act.at\/shop\/247\/wp-json\/wp\/v2\/media?parent=370"}],"wp:term":[{"taxonomy":"product_cat","embeddable":true,"href":"https:\/\/actionmall.act.at\/shop\/247\/wp-json\/wp\/v2\/product_cat?post=370"},{"taxonomy":"product_tag","embeddable":true,"href":"https:\/\/actionmall.act.at\/shop\/247\/wp-json\/wp\/v2\/product_tag?post=370"}],"curies":[{"name":"wp","href":"https:\/\/api.w.org\/{rel}","templated":true}]}}