{"id":441,"date":"2026-03-25T10:39:26","date_gmt":"2026-03-25T09:39:26","guid":{"rendered":"https:\/\/actionmall.act.at\/shop\/247\/?post_type=product&#038;p=441"},"modified":"2026-03-25T10:42:12","modified_gmt":"2026-03-25T09:42:12","slug":"ac03-04-sonnen-cap","status":"publish","type":"product","link":"https:\/\/actionmall.act.at\/shop\/247\/produkt\/ac03-04-sonnen-cap\/","title":{"rendered":"Sunshine Away &#8211; Sonnen-Cap"},"content":{"rendered":"","protected":false},"excerpt":{"rendered":"<p>Leichtes und angenehmes Material sorgt f\u00fcr hohen Tragekomfort, w\u00e4hrend es an warmen Tagen zuverl\u00e4ssig vor der Sonne sch\u00fctzt. Bequem zu tragen und ideal f\u00fcr Fr\u00fchling und Sommer.<\/p>\n","protected":false},"featured_media":442,"template":"","meta":[],"product_cat":[35,43,45],"product_tag":[],"class_list":{"0":"post-441","1":"product","2":"type-product","3":"status-publish","4":"has-post-thumbnail","6":"product_cat-bekleidung-und-zubehoer","7":"product_cat-unterhaltung-freizeit-und-kultur","8":"product_cat-sport-veranstaltungen-hobbies","10":"first","11":"instock","12":"taxable","13":"shipping-taxable","14":"purchasable","15":"product-type-simple"},"_links":{"self":[{"href":"https:\/\/actionmall.act.at\/shop\/247\/wp-json\/wp\/v2\/product\/441"}],"collection":[{"href":"https:\/\/actionmall.act.at\/shop\/247\/wp-json\/wp\/v2\/product"}],"about":[{"href":"https:\/\/actionmall.act.at\/shop\/247\/wp-json\/wp\/v2\/types\/product"}],"wp:featuredmedia":[{"embeddable":true,"href":"https:\/\/actionmall.act.at\/shop\/247\/wp-json\/wp\/v2\/media\/442"}],"wp:attachment":[{"href":"https:\/\/actionmall.act.at\/shop\/247\/wp-json\/wp\/v2\/media?parent=441"}],"wp:term":[{"taxonomy":"product_cat","embeddable":true,"href":"https:\/\/actionmall.act.at\/shop\/247\/wp-json\/wp\/v2\/product_cat?post=441"},{"taxonomy":"product_tag","embeddable":true,"href":"https:\/\/actionmall.act.at\/shop\/247\/wp-json\/wp\/v2\/product_tag?post=441"}],"curies":[{"name":"wp","href":"https:\/\/api.w.org\/{rel}","templated":true}]}}