{"id":265,"date":"2025-10-10T11:46:44","date_gmt":"2025-10-10T09:46:44","guid":{"rendered":"https:\/\/actionmall.act.at\/shop\/2483\/?post_type=product&#038;p=265"},"modified":"2026-01-30T12:46:56","modified_gmt":"2026-01-30T11:46:56","slug":"brief-an-den-vater","status":"publish","type":"product","link":"https:\/\/actionmall.act.at\/shop\/2483\/produkt\/brief-an-den-vater\/","title":{"rendered":"Brief an den Vater"},"content":{"rendered":"<blockquote><p>Brief an den Vater&#8220; ist ein unver\u00f6ffentlichter, autobiografischer Text von Franz Kafka, in dem er seine schwierige Beziehung zu seinem Vater Hermann Kafka beschreibt. Er reflektiert \u00fcber die dominierende und autorit\u00e4re Haltung seines Vaters, die Kafkas Selbstwahrnehmung und Kreativit\u00e4t stark beeinflusste. Der Brief bleibt ungesendet und zeigt Kafkas Versuch, sich von der Vaterfigur zu l\u00f6sen, ohne eine wirkliche Vers\u00f6hnung zu erreichen.<\/p><\/blockquote>\n","protected":false},"excerpt":{"rendered":"<p><strong>Erscheinungsdatum:<\/strong> 1952<br \/>\n<strong>Einband:<\/strong> Taschenbuch<br \/>\n<strong>Seitenanzahl:<\/strong> rund 100<br \/>\n<strong>Verlag:<\/strong> Bruckmann<br \/>\n<strong>Ma\u00dfe:<\/strong> 25,9\/19,3\/2,4 cm<br \/>\n<strong>Autor<\/strong>: Franz Kafka<\/p>\n","protected":false},"featured_media":266,"template":"","meta":[],"product_cat":[],"product_tag":[],"class_list":{"0":"post-265","1":"product","2":"type-product","3":"status-publish","4":"has-post-thumbnail","7":"first","8":"instock","9":"taxable","10":"shipping-taxable","11":"purchasable","12":"product-type-simple"},"_links":{"self":[{"href":"https:\/\/actionmall.act.at\/shop\/2483\/wp-json\/wp\/v2\/product\/265"}],"collection":[{"href":"https:\/\/actionmall.act.at\/shop\/2483\/wp-json\/wp\/v2\/product"}],"about":[{"href":"https:\/\/actionmall.act.at\/shop\/2483\/wp-json\/wp\/v2\/types\/product"}],"wp:featuredmedia":[{"embeddable":true,"href":"https:\/\/actionmall.act.at\/shop\/2483\/wp-json\/wp\/v2\/media\/266"}],"wp:attachment":[{"href":"https:\/\/actionmall.act.at\/shop\/2483\/wp-json\/wp\/v2\/media?parent=265"}],"wp:term":[{"taxonomy":"product_cat","embeddable":true,"href":"https:\/\/actionmall.act.at\/shop\/2483\/wp-json\/wp\/v2\/product_cat?post=265"},{"taxonomy":"product_tag","embeddable":true,"href":"https:\/\/actionmall.act.at\/shop\/2483\/wp-json\/wp\/v2\/product_tag?post=265"}],"curies":[{"name":"wp","href":"https:\/\/api.w.org\/{rel}","templated":true}]}}