{"id":365,"date":"2026-01-30T12:24:50","date_gmt":"2026-01-30T11:24:50","guid":{"rendered":"https:\/\/actionmall.act.at\/shop\/2483\/?post_type=product&#038;p=365"},"modified":"2026-01-30T12:24:50","modified_gmt":"2026-01-30T11:24:50","slug":"wo-bin-ich-ist-chaos-aber-ich-kann-nicht-ueberall-sein","status":"publish","type":"product","link":"https:\/\/actionmall.act.at\/shop\/2483\/produkt\/wo-bin-ich-ist-chaos-aber-ich-kann-nicht-ueberall-sein\/","title":{"rendered":"Wo bin ich, ist Chaos. Aber ich kann nicht \u00fcberall sein!"},"content":{"rendered":"<blockquote><p>Tom ist cool, witzig und frech. Und au\u00dferdem sehr erfindungsreich. St\u00e4ndig hat er Unsinn im Kopf. Darunter haben ganz besonders die Lehrer und seine Schwester Delia zu leiden. Denn irgendwer muss ja ausbaden, was Tom so anstellt. Aber niemand nimmt\u00a0ihm\u00a0das wirklich \u00fcbel, weil Tom nie b\u00f6se Absichten hat. Manchmal laufen die Dinge nur anders als geplant. Wie Tom seine lustigen Pl\u00e4ne schmiedet, kann man auf diesem Comic-H\u00f6rbuch h\u00f6ren. Aber Vorsicht \u2013 die Lachmuskeln werden ordentlich strapaziert!<\/p><\/blockquote>\n","protected":false},"excerpt":{"rendered":"<p><strong>Erscheinungsdatum: <\/strong>\u00a001.09.2018<br \/>\n<strong>Einband: <\/strong>H\u00f6rbuch<br \/>\n<strong>Dateienanzahl: <\/strong>22<\/p>\n","protected":false},"featured_media":366,"template":"","meta":[],"product_cat":[],"product_tag":[],"class_list":{"0":"post-365","1":"product","2":"type-product","3":"status-publish","4":"has-post-thumbnail","7":"first","8":"instock","9":"taxable","10":"shipping-taxable","11":"purchasable","12":"product-type-simple"},"_links":{"self":[{"href":"https:\/\/actionmall.act.at\/shop\/2483\/wp-json\/wp\/v2\/product\/365"}],"collection":[{"href":"https:\/\/actionmall.act.at\/shop\/2483\/wp-json\/wp\/v2\/product"}],"about":[{"href":"https:\/\/actionmall.act.at\/shop\/2483\/wp-json\/wp\/v2\/types\/product"}],"wp:featuredmedia":[{"embeddable":true,"href":"https:\/\/actionmall.act.at\/shop\/2483\/wp-json\/wp\/v2\/media\/366"}],"wp:attachment":[{"href":"https:\/\/actionmall.act.at\/shop\/2483\/wp-json\/wp\/v2\/media?parent=365"}],"wp:term":[{"taxonomy":"product_cat","embeddable":true,"href":"https:\/\/actionmall.act.at\/shop\/2483\/wp-json\/wp\/v2\/product_cat?post=365"},{"taxonomy":"product_tag","embeddable":true,"href":"https:\/\/actionmall.act.at\/shop\/2483\/wp-json\/wp\/v2\/product_tag?post=365"}],"curies":[{"name":"wp","href":"https:\/\/api.w.org\/{rel}","templated":true}]}}