{"id":404,"date":"2026-02-20T11:48:49","date_gmt":"2026-02-20T10:48:49","guid":{"rendered":"https:\/\/actionmall.act.at\/shop\/2483\/?post_type=product&#038;p=404"},"modified":"2026-02-20T11:52:56","modified_gmt":"2026-02-20T10:52:56","slug":"jujutsu-kaisen-band-29","status":"publish","type":"product","link":"https:\/\/actionmall.act.at\/shop\/2483\/produkt\/jujutsu-kaisen-band-29\/","title":{"rendered":"One Piece Kapitel 67"},"content":{"rendered":"<blockquote><p>Erlebe die Geschichte des zuk\u00fcnftigen K\u00f6nigs der Piraten in einer unvergleichlichen Geschichte voller Action, Abenteuer, Dramatik, Freundschaft und Humor. Mit \u00fcber 500 Millionen verkauften B\u00e4nden\u00a0<em class=\"element-background-basic-colors marker\" data-color=\"04b\">weltweit<\/em>\u00a0ist\u00a0One Piece\u00a0die meistverkaufte Mangaserie der Geschichte!<\/p>\n<p>Die Strohhutbande befindet sich noch immer auf gro\u00dfer Fahrt in die Neue Welt. Einem geheimnisvollen Notruf folgend geraten sie auf eine Insel, auf der zugleich gl\u00fchende Hitze und eisige K\u00e4lte regieren. Auf Punk Hazard, einem Ort voller R\u00e4tsel, jagt ein \u00fcberraschendes Ereignis das andere. Ehe unsere Piraten richtig wissen, wie ihnen geschieht, geht pl\u00f6tzlich alles drunter und dr\u00fcber\u2026<\/p><\/blockquote>\n","protected":false},"excerpt":{"rendered":"<section class=\"artikeldetail\">\n<h3 class=\"element-text-standard-strong detailbezeichnung\">Erscheinungsdatum<\/h3>\n<p class=\"element-text-standard single-value\">30.07.2013<\/p>\n<\/section>\n<section class=\"artikeldetail\">\n<h3 class=\"element-text-standard-strong detailbezeichnung\">Verlag<\/h3>\n<p><a class=\"element-link-standard\" href=\"https:\/\/www.thalia.at\/shop\/home\/mehr-von-suche\/ANY\/sv\/suche.html?mehrVon=Carlsen\">Carlsen<\/a><\/p>\n<\/section>\n<section class=\"artikeldetail\">\n<h3 class=\"element-text-standard-strong detailbezeichnung\">Seitenzahl<\/h3>\n<p class=\"element-text-standard single-value\">224<\/p>\n<\/section>\n<section class=\"artikeldetail\">\n<h3 class=\"element-text-standard-strong detailbezeichnung\">Ma\u00dfe (L\/B\/H)<\/h3>\n<p class=\"element-text-standard single-value\">17,5\/11,5\/2,2 cm<\/p>\n<\/section>\n<section class=\"artikeldetail\">\n<h3 class=\"element-text-standard-strong detailbezeichnung\">Gewicht<\/h3>\n<p class=\"element-text-standard single-value\">169 g<\/p>\n<\/section>\n<section class=\"artikeldetail\">\n<h3 class=\"element-text-standard-strong detailbezeichnung\">Farbe<\/h3>\n<p class=\"element-text-standard single-value\">Beige \/ Grau<\/p>\n<\/section>\n<section class=\"artikeldetail\">\n<h3 class=\"element-text-standard-strong detailbezeichnung\">Auflage<\/h3>\n<p class=\"element-text-standard single-value\">12. Auflage<\/p>\n<\/section>\n<section class=\"artikeldetail\">\n<h3 class=\"element-text-standard-strong detailbezeichnung\">Originaltitel<\/h3>\n<p><a class=\"element-link-standard\" href=\"https:\/\/www.thalia.at\/shop\/home\/mehr-von-suche\/ANY\/st\/suche.html?mehrVon=One%20Piece\">One Piece<\/a><\/p>\n<\/section>\n<section class=\"artikeldetail\">\n<h3 class=\"element-text-standard-strong detailbezeichnung\">\u00dcbersetzt von<\/h3>\n<p class=\"element-text-standard single-value\">Antje Bockel<\/p>\n<\/section>\n<section class=\"artikeldetail\">\n<h3 class=\"element-text-standard-strong detailbezeichnung\">Sprache<\/h3>\n<p class=\"element-text-standard single-value\">Deutsch<\/p>\n<\/section>\n","protected":false},"featured_media":405,"template":"","meta":[],"product_cat":[],"product_tag":[],"class_list":{"0":"post-404","1":"product","2":"type-product","3":"status-publish","4":"has-post-thumbnail","7":"first","8":"instock","9":"taxable","10":"shipping-taxable","11":"purchasable","12":"product-type-simple"},"_links":{"self":[{"href":"https:\/\/actionmall.act.at\/shop\/2483\/wp-json\/wp\/v2\/product\/404"}],"collection":[{"href":"https:\/\/actionmall.act.at\/shop\/2483\/wp-json\/wp\/v2\/product"}],"about":[{"href":"https:\/\/actionmall.act.at\/shop\/2483\/wp-json\/wp\/v2\/types\/product"}],"wp:featuredmedia":[{"embeddable":true,"href":"https:\/\/actionmall.act.at\/shop\/2483\/wp-json\/wp\/v2\/media\/405"}],"wp:attachment":[{"href":"https:\/\/actionmall.act.at\/shop\/2483\/wp-json\/wp\/v2\/media?parent=404"}],"wp:term":[{"taxonomy":"product_cat","embeddable":true,"href":"https:\/\/actionmall.act.at\/shop\/2483\/wp-json\/wp\/v2\/product_cat?post=404"},{"taxonomy":"product_tag","embeddable":true,"href":"https:\/\/actionmall.act.at\/shop\/2483\/wp-json\/wp\/v2\/product_tag?post=404"}],"curies":[{"name":"wp","href":"https:\/\/api.w.org\/{rel}","templated":true}]}}