{"id":336,"date":"2025-03-28T09:24:08","date_gmt":"2025-03-28T08:24:08","guid":{"rendered":"https:\/\/actionmall.act.at\/shop\/2567\/?post_type=product&#038;p=336"},"modified":"2026-03-16T11:35:44","modified_gmt":"2026-03-16T10:35:44","slug":"airpods-4","status":"publish","type":"product","link":"https:\/\/actionmall.act.at\/shop\/2567\/produkt\/airpods-4\/","title":{"rendered":"Airpods 4"},"content":{"rendered":"<p>Die <strong>AirPods 4<\/strong> bieten eine noch bessere Klangqualit\u00e4t, verbesserten Tragekomfort und zus\u00e4tzliche Funktionen f\u00fcr ein noch intensiveres H\u00f6rerlebnis. Mit einem neuen, verbesserten H1-Chip bieten sie eine schnellere Verbindung und eine h\u00f6here Energieeffizienz, was die Akkulaufzeit verl\u00e4ngert.<\/p>\n<p>Die <strong>aktive Ger\u00e4uschunterdr\u00fcckung<\/strong> sorgt daf\u00fcr, dass Umgebungsger\u00e4usche effektiv reduziert werden, sodass du deine Musik und Anrufe ohne Ablenkungen genie\u00dfen kannst. Dank des <strong>Transparenzmodus<\/strong> kannst du auch deine Umgebung wahrnehmen, wenn du es m\u00f6chtest, ohne die Kopfh\u00f6rer abnehmen zu m\u00fcssen.<\/p>\n<p>Die <strong>Ladeh\u00fclle mit MagSafe<\/strong> erm\u00f6glicht schnelles und einfaches Laden, und die AirPods 4 sind vollst\u00e4ndig kompatibel mit der <strong>Find My<\/strong>-App, sodass du sie immer schnell wiederfinden kannst, falls sie mal verlegt werden.<\/p>\n<p>Die AirPods 4 bieten sowohl f\u00fcr Musikliebhaber als auch f\u00fcr Vieltelefonierer einen hochwertigen, kabellosen Klanggenuss mit erstklassiger Audioqualit\u00e4t.<\/p>\n","protected":false},"excerpt":{"rendered":"<p>Die AirPods 4 bieten eine noch bessere Klangqualit\u00e4t, verbesserten Tragekomfort und zus\u00e4tzliche Funktionen f\u00fcr ein noch intensiveres H\u00f6rerlebnis. Mit einem neuen, verbesserten H1-Chip bieten sie eine schnellere Verbindung und eine h\u00f6here Energieeffizienz, was die Akkulaufzeit verl\u00e4ngert. Die aktive Ger\u00e4uschunterdr\u00fcckung sorgt daf\u00fcr, dass Umgebungsger\u00e4usche effektiv reduziert werden, sodass du deine Musik und Anrufe ohne Ablenkungen genie\u00dfen [&hellip;]<\/p>\n","protected":false},"featured_media":337,"template":"","meta":[],"product_cat":[34],"product_tag":[],"class_list":{"0":"post-336","1":"product","2":"type-product","3":"status-publish","4":"has-post-thumbnail","6":"product_cat-autos-und-fahrzeuge","8":"first","9":"instock","10":"taxable","11":"shipping-taxable","12":"purchasable","13":"product-type-simple"},"_links":{"self":[{"href":"https:\/\/actionmall.act.at\/shop\/2567\/wp-json\/wp\/v2\/product\/336"}],"collection":[{"href":"https:\/\/actionmall.act.at\/shop\/2567\/wp-json\/wp\/v2\/product"}],"about":[{"href":"https:\/\/actionmall.act.at\/shop\/2567\/wp-json\/wp\/v2\/types\/product"}],"wp:featuredmedia":[{"embeddable":true,"href":"https:\/\/actionmall.act.at\/shop\/2567\/wp-json\/wp\/v2\/media\/337"}],"wp:attachment":[{"href":"https:\/\/actionmall.act.at\/shop\/2567\/wp-json\/wp\/v2\/media?parent=336"}],"wp:term":[{"taxonomy":"product_cat","embeddable":true,"href":"https:\/\/actionmall.act.at\/shop\/2567\/wp-json\/wp\/v2\/product_cat?post=336"},{"taxonomy":"product_tag","embeddable":true,"href":"https:\/\/actionmall.act.at\/shop\/2567\/wp-json\/wp\/v2\/product_tag?post=336"}],"curies":[{"name":"wp","href":"https:\/\/api.w.org\/{rel}","templated":true}]}}